{"id":7738,"date":"2024-09-19T10:31:32","date_gmt":"2024-09-19T09:31:32","guid":{"rendered":"http:\/\/aventuriersdelamer.fr\/?page_id=7738"},"modified":"2025-01-14T16:01:04","modified_gmt":"2025-01-14T15:01:04","slug":"rencontres-douverture","status":"publish","type":"page","link":"https:\/\/aventuriersdelamer.fr\/index.php\/rencontres-douverture\/","title":{"rendered":"Rencontres d&rsquo;ouverture"},"content":{"rendered":"<div id=\"pl-7738\"  class=\"panel-layout\" ><div id=\"pg-7738-0\"  class=\"panel-grid panel-no-style\" ><div id=\"pgc-7738-0-0\"  class=\"panel-grid-cell\" ><div id=\"panel-7738-0-0-0\" class=\"so-panel widget widget_sow-editor panel-first-child\" data-index=\"0\" ><div class=\"panel-widget-style panel-widget-style-for-7738-0-0-0\" ><div\n\t\t\t\n\t\t\tclass=\"so-widget-sow-editor so-widget-sow-editor-base\"\n\t\t\t\n\t\t>\n<div class=\"siteorigin-widget-tinymce textwidget\">\n\t<h1 style=\"text-align: center;\"><strong>MERCREDI 9 OCTOBRE<br \/>\n<\/strong><\/h1>\n<\/div>\n<\/div><\/div><\/div><div id=\"panel-7738-0-0-1\" class=\"so-panel widget widget_sow-editor\" data-index=\"1\" ><div\n\t\t\t\n\t\t\tclass=\"so-widget-sow-editor so-widget-sow-editor-base\"\n\t\t\t\n\t\t>\n<div class=\"siteorigin-widget-tinymce textwidget\">\n\t<p><strong>UN OCEAN DE SAVOIR - Ecoutez le Podcast <a href=\"https:\/\/radiobalises.com\/station\/aux-aventuriers-de-la-mer-9eme-edition\/\"><span style=\"color: #993300;\">\u21d2<\/span><\/a><br \/>\n<\/strong><\/p>\n<pre><strong>Mercredi 9 octobre, 20h<\/strong>\n\u25ca Qu\u00e9ven \u2013 Les Arcs\n\u25ca Entr\u00e9e gratuite, dans la limite des places disponibles\n<\/pre>\n<p><a href=\"http:\/\/aventuriersdelamer.fr\/wp-content\/uploads\/2024\/09\/vagabond.png\"><img loading=\"lazy\" decoding=\"async\" class=\"aligncenter size-full wp-image-7741\" src=\"http:\/\/aventuriersdelamer.fr\/wp-content\/uploads\/2024\/09\/vagabond.png\" alt=\"\" width=\"360\" height=\"251\" srcset=\"https:\/\/aventuriersdelamer.fr\/wp-content\/uploads\/2024\/09\/vagabond.png 360w, https:\/\/aventuriersdelamer.fr\/wp-content\/uploads\/2024\/09\/vagabond-300x209.png 300w\" sizes=\"auto, (max-width: 360px) 100vw, 360px\" \/><\/a><\/p>\n<p><em>A bord du voilier d\u2019exp\u00e9ditions polaires Vagabond, <strong>France Pinczon du Sel,<\/strong> artiste et navigatrice et <strong>Eric Brossier<\/strong>, ing\u00e9nieur et navigateur, accueillent des scientifiques dans les glaces arctiques depuis plus de 20 ans, avec ce credo : mieux conna\u00eetre la richesse de l\u2019environnement pour mieux le pr\u00e9server !<\/em><\/p>\n<p><em>Ils nous proposent de partager leur exp\u00e9rience et leur vision sur le r\u00f4le central que joue l\u2019oc\u00e9an dans l\u2019avenir de la Terre et de l\u2019humanit\u00e9.<\/em><\/p>\n<p>La conf\u00e9rence sera anim\u00e9e par <a href=\"https:\/\/radiobalises.com\/\"><strong>Radio Balises<\/strong> <\/a>et diffus\u00e9e en direct sur leurs ondes.<\/p>\n<p>En partenariat avec l\u2019espace des Sciences - Maison de la mer<br \/>\nDans le cadre de la F\u00eate de la Science 2024 et l\u2019Ann\u00e9e de la Mer 2024-2025<\/p>\n<p>&nbsp;<\/p>\n<\/div>\n<\/div><\/div><div id=\"panel-7738-0-0-2\" class=\"so-panel widget widget_sow-editor\" data-index=\"2\" ><div class=\"panel-widget-style panel-widget-style-for-7738-0-0-2\" ><div\n\t\t\t\n\t\t\tclass=\"so-widget-sow-editor so-widget-sow-editor-base\"\n\t\t\t\n\t\t>\n<div class=\"siteorigin-widget-tinymce textwidget\">\n\t<h1 style=\"text-align: center;\"><strong>JEUDI 10 OCTOBRE<br \/>\n<\/strong><\/h1>\n<\/div>\n<\/div><\/div><\/div><div id=\"panel-7738-0-0-3\" class=\"so-panel widget widget_sow-editor\" data-index=\"3\" ><div\n\t\t\t\n\t\t\tclass=\"so-widget-sow-editor so-widget-sow-editor-base\"\n\t\t\t\n\t\t>\n<div class=\"siteorigin-widget-tinymce textwidget\">\n\t<p><strong>LA FABRIQUE DE L'AVENTURE<\/strong><br \/>\nanim\u00e9e par Thierry Frechier<\/p>\n<pre><strong>Jeudi 10 octobre, 19h<\/strong>\n\u25ca Cit\u00e9 de la Voile ERic Tabarly, Hall Pen Duick,\n\u25ca Entr\u00e9e gratuite, dans la limite des places disponibles<\/pre>\n<p><span style=\"color: #008080;\"><em>De \u00ab\u00a0La longue route\u00a0\u00bb de Moitessier au grand voyage en famille aujourd\u2019hui, comment les r\u00eaves li\u00e9s au voyage en mer ont-ils \u00e9volu\u00e9\u00a0? Tour d\u2019horizon sur l\u2019\u00e9volution du voyage, sa perception et sur les raisons de partir depuis la g\u00e9n\u00e9ration Tabarly jusqu\u2019\u00e0 nos jours.<\/em><\/span><\/p>\n<\/div>\n<\/div><\/div><div id=\"panel-7738-0-0-4\" class=\"so-panel widget widget_media_gallery\" data-index=\"4\" >\n\t\t<style type=\"text\/css\">\n\t\t\t#gallery-1 {\n\t\t\t\tmargin: auto;\n\t\t\t}\n\t\t\t#gallery-1 .gallery-item {\n\t\t\t\tfloat: left;\n\t\t\t\tmargin-top: 10px;\n\t\t\t\ttext-align: center;\n\t\t\t\twidth: 33%;\n\t\t\t}\n\t\t\t#gallery-1 img {\n\t\t\t\tborder: 2px solid #cfcfcf;\n\t\t\t}\n\t\t\t#gallery-1 .gallery-caption {\n\t\t\t\tmargin-left: 0;\n\t\t\t}\n\t\t\t\/* see gallery_shortcode() in wp-includes\/media.php *\/\n\t\t<\/style>\n\t\t<div id='gallery-1' class='gallery galleryid-7738 gallery-columns-3 gallery-size-thumbnail'><dl class='gallery-item'>\n\t\t\t<dt class='gallery-icon portrait'>\n\t\t\t\t<a href='https:\/\/aventuriersdelamer.fr\/index.php\/rencontres-douverture\/portrait-glaz\/'><img loading=\"lazy\" decoding=\"async\" width=\"150\" height=\"150\" src=\"https:\/\/aventuriersdelamer.fr\/wp-content\/uploads\/2024\/09\/portrait-glaz-150x150.jpg\" class=\"attachment-thumbnail size-thumbnail\" alt=\"\" aria-describedby=\"gallery-1-7745\" \/><\/a>\n\t\t\t<\/dt>\n\t\t\t\t<dd class='wp-caption-text gallery-caption' id='gallery-1-7745'>\n\t\t\t\tOlivier Albahary\n\t\t\t\t<\/dd><\/dl><dl class='gallery-item'>\n\t\t\t<dt class='gallery-icon landscape'>\n\t\t\t\t<a href='https:\/\/aventuriersdelamer.fr\/index.php\/rencontres-2024\/marieke\/'><img loading=\"lazy\" decoding=\"async\" width=\"150\" height=\"150\" src=\"https:\/\/aventuriersdelamer.fr\/wp-content\/uploads\/2024\/09\/Marieke-150x150.jpg\" class=\"attachment-thumbnail size-thumbnail\" alt=\"\" aria-describedby=\"gallery-1-7696\" \/><\/a>\n\t\t\t<\/dt>\n\t\t\t\t<dd class='wp-caption-text gallery-caption' id='gallery-1-7696'>\n\t\t\t\tMariek Huysmann-Berthou\n\t\t\t\t<\/dd><\/dl><dl class='gallery-item'>\n\t\t\t<dt class='gallery-icon landscape'>\n\t\t\t\t<a href='https:\/\/aventuriersdelamer.fr\/index.php\/festival-2024\/antoine-portraitiles-etaitune-fois\/'><img loading=\"lazy\" decoding=\"async\" width=\"150\" height=\"150\" src=\"https:\/\/aventuriersdelamer.fr\/wp-content\/uploads\/2024\/09\/antoine-portrait\u00a9iles.etaitune-fois-150x150.jpg\" class=\"attachment-thumbnail size-thumbnail\" alt=\"\" aria-describedby=\"gallery-1-7747\" \/><\/a>\n\t\t\t<\/dt>\n\t\t\t\t<dd class='wp-caption-text gallery-caption' id='gallery-1-7747'>\n\t\t\t\tAntoine\n\t\t\t\t<\/dd><\/dl><br style=\"clear: both\" \/>\n\t\t<\/div>\n<\/div><div id=\"panel-7738-0-0-5\" class=\"so-panel widget widget_sow-editor panel-last-child\" data-index=\"5\" ><div\n\t\t\t\n\t\t\tclass=\"so-widget-sow-editor so-widget-sow-editor-base\"\n\t\t\t\n\t\t>\n<div class=\"siteorigin-widget-tinymce textwidget\">\n\t<p>Avec <strong>Antoine,<\/strong> chanteur et navigateur, <strong>Marieke Huysmann-Berthou,<\/strong> navigatrice-compositrice et Olivier Albahary, fondateur de GlobeSailor<\/p>\n<pre><strong>Rencontrez Antoine ! D\u00e9dicaces\u00a0 \u00e0 l\u2019issue de la rencontre\n<\/strong>\u25ca Jeudi 10 octobre, 20h\n\u25ca Cit\u00e9 de la Voile, Hall Pen Duick\n<\/pre>\n<pre><strong>Suivi de la projection-concert \u00ab\u00a0Pianoc\u00e9an\u00a0\u00bb <\/strong>\n<strong>par Marieke Huysmann-Berthou<\/strong>\n\u25caJeudi 10 octobre, 20h30\n\u25ca Cit\u00e9 de la Voile, Hall Pen Duick\n\u25ca Entr\u00e9e gratuite, sans r\u00e9servation - \ndans la limite des places disponibles\n\n<\/pre>\n<p>&nbsp;<\/p>\n<p>&nbsp;<\/p>\n<\/div>\n<\/div><\/div><\/div><\/div><\/div>","protected":false},"excerpt":{"rendered":"<p>MERCREDI 9 OCTOBRE UN OCEAN DE SAVOIR &#8211; Ecoutez le Podcast &rArr; Mercredi 9 octobre, 20h &loz; Qu&eacute;ven &ndash; Les Arcs &loz; Entr&eacute;e gratuite, dans la limite des places disponibles A bord du voilier d&rsquo;exp&eacute;ditions polaires Vagabond, France Pinczon du &hellip; <a href=\"https:\/\/aventuriersdelamer.fr\/index.php\/rencontres-douverture\/\">Continuer la lecture <span class=\"meta-nav\">&rarr;<\/span><\/a><\/p>\n","protected":false},"author":1,"featured_media":7568,"parent":0,"menu_order":0,"comment_status":"closed","ping_status":"closed","template":"","meta":{"footnotes":""},"class_list":["post-7738","page","type-page","status-publish","has-post-thumbnail","hentry"],"yoast_head":"<!-- This site is optimized with the Yoast SEO plugin v27.3 - https:\/\/yoast.com\/product\/yoast-seo-wordpress\/ -->\n<title>Rencontres d&#039;ouverture - Festival Les Aventuriers de la Mer<\/title>\n<meta name=\"robots\" content=\"index, follow, max-snippet:-1, max-image-preview:large, max-video-preview:-1\" \/>\n<link rel=\"canonical\" href=\"https:\/\/aventuriersdelamer.fr\/index.php\/rencontres-douverture\/\" \/>\n<meta property=\"og:locale\" content=\"fr_FR\" \/>\n<meta property=\"og:type\" content=\"article\" \/>\n<meta property=\"og:title\" content=\"Rencontres d&#039;ouverture - Festival Les Aventuriers de la Mer\" \/>\n<meta property=\"og:description\" content=\"MERCREDI 9 OCTOBRE UN OCEAN DE SAVOIR - Ecoutez le Podcast &rArr; Mercredi 9 octobre, 20h &loz; Qu&eacute;ven &ndash; Les Arcs &loz; Entr&eacute;e gratuite, dans la limite des places disponibles A bord du voilier d&rsquo;exp&eacute;ditions polaires Vagabond, France Pinczon du &hellip; Continuer la lecture &rarr;\" \/>\n<meta property=\"og:url\" content=\"https:\/\/aventuriersdelamer.fr\/index.php\/rencontres-douverture\/\" \/>\n<meta property=\"og:site_name\" content=\"Festival Les Aventuriers de la Mer\" \/>\n<meta property=\"article:publisher\" content=\"https:\/\/www.facebook.com\/aventuriersdelamer\/\" \/>\n<meta property=\"article:modified_time\" content=\"2025-01-14T15:01:04+00:00\" \/>\n<meta property=\"og:image\" content=\"https:\/\/aventuriersdelamer.fr\/wp-content\/uploads\/2024\/09\/2024-ADM-Lorient-sans-texte-1900x1078-1.jpg\" \/>\n\t<meta property=\"og:image:width\" content=\"1900\" \/>\n\t<meta property=\"og:image:height\" content=\"1078\" \/>\n\t<meta property=\"og:image:type\" content=\"image\/jpeg\" \/>\n<meta name=\"twitter:card\" content=\"summary_large_image\" \/>\n<meta name=\"twitter:label1\" content=\"Dur\u00e9e de lecture estim\u00e9e\" \/>\n\t<meta name=\"twitter:data1\" content=\"2 minutes\" \/>\n<script type=\"application\/ld+json\" class=\"yoast-schema-graph\">{\"@context\":\"https:\\\/\\\/schema.org\",\"@graph\":[{\"@type\":\"WebPage\",\"@id\":\"https:\\\/\\\/aventuriersdelamer.fr\\\/index.php\\\/rencontres-douverture\\\/\",\"url\":\"https:\\\/\\\/aventuriersdelamer.fr\\\/index.php\\\/rencontres-douverture\\\/\",\"name\":\"Rencontres d'ouverture - Festival Les Aventuriers de la Mer\",\"isPartOf\":{\"@id\":\"https:\\\/\\\/aventuriersdelamer.fr\\\/#website\"},\"primaryImageOfPage\":{\"@id\":\"https:\\\/\\\/aventuriersdelamer.fr\\\/index.php\\\/rencontres-douverture\\\/#primaryimage\"},\"image\":{\"@id\":\"https:\\\/\\\/aventuriersdelamer.fr\\\/index.php\\\/rencontres-douverture\\\/#primaryimage\"},\"thumbnailUrl\":\"https:\\\/\\\/aventuriersdelamer.fr\\\/wp-content\\\/uploads\\\/2024\\\/09\\\/2024-ADM-Lorient-sans-texte-1900x1078-1.jpg\",\"datePublished\":\"2024-09-19T09:31:32+00:00\",\"dateModified\":\"2025-01-14T15:01:04+00:00\",\"breadcrumb\":{\"@id\":\"https:\\\/\\\/aventuriersdelamer.fr\\\/index.php\\\/rencontres-douverture\\\/#breadcrumb\"},\"inLanguage\":\"fr-FR\",\"potentialAction\":[{\"@type\":\"ReadAction\",\"target\":[\"https:\\\/\\\/aventuriersdelamer.fr\\\/index.php\\\/rencontres-douverture\\\/\"]}]},{\"@type\":\"ImageObject\",\"inLanguage\":\"fr-FR\",\"@id\":\"https:\\\/\\\/aventuriersdelamer.fr\\\/index.php\\\/rencontres-douverture\\\/#primaryimage\",\"url\":\"https:\\\/\\\/aventuriersdelamer.fr\\\/wp-content\\\/uploads\\\/2024\\\/09\\\/2024-ADM-Lorient-sans-texte-1900x1078-1.jpg\",\"contentUrl\":\"https:\\\/\\\/aventuriersdelamer.fr\\\/wp-content\\\/uploads\\\/2024\\\/09\\\/2024-ADM-Lorient-sans-texte-1900x1078-1.jpg\",\"width\":1900,\"height\":1078},{\"@type\":\"BreadcrumbList\",\"@id\":\"https:\\\/\\\/aventuriersdelamer.fr\\\/index.php\\\/rencontres-douverture\\\/#breadcrumb\",\"itemListElement\":[{\"@type\":\"ListItem\",\"position\":1,\"name\":\"Accueil\",\"item\":\"https:\\\/\\\/aventuriersdelamer.fr\\\/\"},{\"@type\":\"ListItem\",\"position\":2,\"name\":\"Rencontres d&rsquo;ouverture\"}]},{\"@type\":\"WebSite\",\"@id\":\"https:\\\/\\\/aventuriersdelamer.fr\\\/#website\",\"url\":\"https:\\\/\\\/aventuriersdelamer.fr\\\/\",\"name\":\"Festival Les Aventuriers de la Mer\",\"description\":\"Explorer, innover et enchanter le monde\",\"publisher\":{\"@id\":\"https:\\\/\\\/aventuriersdelamer.fr\\\/#organization\"},\"potentialAction\":[{\"@type\":\"SearchAction\",\"target\":{\"@type\":\"EntryPoint\",\"urlTemplate\":\"https:\\\/\\\/aventuriersdelamer.fr\\\/?s={search_term_string}\"},\"query-input\":{\"@type\":\"PropertyValueSpecification\",\"valueRequired\":true,\"valueName\":\"search_term_string\"}}],\"inLanguage\":\"fr-FR\"},{\"@type\":\"Organization\",\"@id\":\"https:\\\/\\\/aventuriersdelamer.fr\\\/#organization\",\"name\":\"Le Bruit du Vent\",\"url\":\"https:\\\/\\\/aventuriersdelamer.fr\\\/\",\"logo\":{\"@type\":\"ImageObject\",\"inLanguage\":\"fr-FR\",\"@id\":\"https:\\\/\\\/aventuriersdelamer.fr\\\/#\\\/schema\\\/logo\\\/image\\\/\",\"url\":\"https:\\\/\\\/aventuriersdelamer.fr\\\/wp-content\\\/uploads\\\/2016\\\/01\\\/4ECA575F-1CCB-41C9-AAC8-93902736151E.jpeg\",\"contentUrl\":\"https:\\\/\\\/aventuriersdelamer.fr\\\/wp-content\\\/uploads\\\/2016\\\/01\\\/4ECA575F-1CCB-41C9-AAC8-93902736151E.jpeg\",\"width\":222,\"height\":198,\"caption\":\"Le Bruit du Vent\"},\"image\":{\"@id\":\"https:\\\/\\\/aventuriersdelamer.fr\\\/#\\\/schema\\\/logo\\\/image\\\/\"},\"sameAs\":[\"https:\\\/\\\/www.facebook.com\\\/aventuriersdelamer\\\/\"]}]}<\/script>\n<!-- \/ Yoast SEO plugin. -->","yoast_head_json":{"title":"Rencontres d'ouverture - Festival Les Aventuriers de la Mer","robots":{"index":"index","follow":"follow","max-snippet":"max-snippet:-1","max-image-preview":"max-image-preview:large","max-video-preview":"max-video-preview:-1"},"canonical":"https:\/\/aventuriersdelamer.fr\/index.php\/rencontres-douverture\/","og_locale":"fr_FR","og_type":"article","og_title":"Rencontres d'ouverture - Festival Les Aventuriers de la Mer","og_description":"MERCREDI 9 OCTOBRE UN OCEAN DE SAVOIR - Ecoutez le Podcast &rArr; Mercredi 9 octobre, 20h &loz; Qu&eacute;ven &ndash; Les Arcs &loz; Entr&eacute;e gratuite, dans la limite des places disponibles A bord du voilier d&rsquo;exp&eacute;ditions polaires Vagabond, France Pinczon du &hellip; Continuer la lecture &rarr;","og_url":"https:\/\/aventuriersdelamer.fr\/index.php\/rencontres-douverture\/","og_site_name":"Festival Les Aventuriers de la Mer","article_publisher":"https:\/\/www.facebook.com\/aventuriersdelamer\/","article_modified_time":"2025-01-14T15:01:04+00:00","og_image":[{"width":1900,"height":1078,"url":"https:\/\/aventuriersdelamer.fr\/wp-content\/uploads\/2024\/09\/2024-ADM-Lorient-sans-texte-1900x1078-1.jpg","type":"image\/jpeg"}],"twitter_card":"summary_large_image","twitter_misc":{"Dur\u00e9e de lecture estim\u00e9e":"2 minutes"},"schema":{"@context":"https:\/\/schema.org","@graph":[{"@type":"WebPage","@id":"https:\/\/aventuriersdelamer.fr\/index.php\/rencontres-douverture\/","url":"https:\/\/aventuriersdelamer.fr\/index.php\/rencontres-douverture\/","name":"Rencontres d'ouverture - Festival Les Aventuriers de la Mer","isPartOf":{"@id":"https:\/\/aventuriersdelamer.fr\/#website"},"primaryImageOfPage":{"@id":"https:\/\/aventuriersdelamer.fr\/index.php\/rencontres-douverture\/#primaryimage"},"image":{"@id":"https:\/\/aventuriersdelamer.fr\/index.php\/rencontres-douverture\/#primaryimage"},"thumbnailUrl":"https:\/\/aventuriersdelamer.fr\/wp-content\/uploads\/2024\/09\/2024-ADM-Lorient-sans-texte-1900x1078-1.jpg","datePublished":"2024-09-19T09:31:32+00:00","dateModified":"2025-01-14T15:01:04+00:00","breadcrumb":{"@id":"https:\/\/aventuriersdelamer.fr\/index.php\/rencontres-douverture\/#breadcrumb"},"inLanguage":"fr-FR","potentialAction":[{"@type":"ReadAction","target":["https:\/\/aventuriersdelamer.fr\/index.php\/rencontres-douverture\/"]}]},{"@type":"ImageObject","inLanguage":"fr-FR","@id":"https:\/\/aventuriersdelamer.fr\/index.php\/rencontres-douverture\/#primaryimage","url":"https:\/\/aventuriersdelamer.fr\/wp-content\/uploads\/2024\/09\/2024-ADM-Lorient-sans-texte-1900x1078-1.jpg","contentUrl":"https:\/\/aventuriersdelamer.fr\/wp-content\/uploads\/2024\/09\/2024-ADM-Lorient-sans-texte-1900x1078-1.jpg","width":1900,"height":1078},{"@type":"BreadcrumbList","@id":"https:\/\/aventuriersdelamer.fr\/index.php\/rencontres-douverture\/#breadcrumb","itemListElement":[{"@type":"ListItem","position":1,"name":"Accueil","item":"https:\/\/aventuriersdelamer.fr\/"},{"@type":"ListItem","position":2,"name":"Rencontres d&rsquo;ouverture"}]},{"@type":"WebSite","@id":"https:\/\/aventuriersdelamer.fr\/#website","url":"https:\/\/aventuriersdelamer.fr\/","name":"Festival Les Aventuriers de la Mer","description":"Explorer, innover et enchanter le monde","publisher":{"@id":"https:\/\/aventuriersdelamer.fr\/#organization"},"potentialAction":[{"@type":"SearchAction","target":{"@type":"EntryPoint","urlTemplate":"https:\/\/aventuriersdelamer.fr\/?s={search_term_string}"},"query-input":{"@type":"PropertyValueSpecification","valueRequired":true,"valueName":"search_term_string"}}],"inLanguage":"fr-FR"},{"@type":"Organization","@id":"https:\/\/aventuriersdelamer.fr\/#organization","name":"Le Bruit du Vent","url":"https:\/\/aventuriersdelamer.fr\/","logo":{"@type":"ImageObject","inLanguage":"fr-FR","@id":"https:\/\/aventuriersdelamer.fr\/#\/schema\/logo\/image\/","url":"https:\/\/aventuriersdelamer.fr\/wp-content\/uploads\/2016\/01\/4ECA575F-1CCB-41C9-AAC8-93902736151E.jpeg","contentUrl":"https:\/\/aventuriersdelamer.fr\/wp-content\/uploads\/2016\/01\/4ECA575F-1CCB-41C9-AAC8-93902736151E.jpeg","width":222,"height":198,"caption":"Le Bruit du Vent"},"image":{"@id":"https:\/\/aventuriersdelamer.fr\/#\/schema\/logo\/image\/"},"sameAs":["https:\/\/www.facebook.com\/aventuriersdelamer\/"]}]}},"_links":{"self":[{"href":"https:\/\/aventuriersdelamer.fr\/index.php\/wp-json\/wp\/v2\/pages\/7738","targetHints":{"allow":["GET"]}}],"collection":[{"href":"https:\/\/aventuriersdelamer.fr\/index.php\/wp-json\/wp\/v2\/pages"}],"about":[{"href":"https:\/\/aventuriersdelamer.fr\/index.php\/wp-json\/wp\/v2\/types\/page"}],"author":[{"embeddable":true,"href":"https:\/\/aventuriersdelamer.fr\/index.php\/wp-json\/wp\/v2\/users\/1"}],"replies":[{"embeddable":true,"href":"https:\/\/aventuriersdelamer.fr\/index.php\/wp-json\/wp\/v2\/comments?post=7738"}],"version-history":[{"count":8,"href":"https:\/\/aventuriersdelamer.fr\/index.php\/wp-json\/wp\/v2\/pages\/7738\/revisions"}],"predecessor-version":[{"id":8002,"href":"https:\/\/aventuriersdelamer.fr\/index.php\/wp-json\/wp\/v2\/pages\/7738\/revisions\/8002"}],"wp:featuredmedia":[{"embeddable":true,"href":"https:\/\/aventuriersdelamer.fr\/index.php\/wp-json\/wp\/v2\/media\/7568"}],"wp:attachment":[{"href":"https:\/\/aventuriersdelamer.fr\/index.php\/wp-json\/wp\/v2\/media?parent=7738"}],"curies":[{"name":"wp","href":"https:\/\/api.w.org\/{rel}","templated":true}]}}