{"id":7728,"date":"2024-09-19T10:07:15","date_gmt":"2024-09-19T09:07:15","guid":{"rendered":"http:\/\/aventuriersdelamer.fr\/?page_id=7728"},"modified":"2024-09-30T14:59:31","modified_gmt":"2024-09-30T13:59:31","slug":"expositions-2024","status":"publish","type":"page","link":"https:\/\/aventuriersdelamer.fr\/index.php\/expositions-2024\/","title":{"rendered":"Expositions"},"content":{"rendered":"<div id=\"pl-7728\"  class=\"panel-layout\" ><div id=\"pg-7728-0\"  class=\"panel-grid panel-no-style\" ><div id=\"pgc-7728-0-0\"  class=\"panel-grid-cell\" ><div id=\"panel-7728-0-0-0\" class=\"so-panel widget widget_sow-editor panel-first-child\" data-index=\"0\" ><div\n\t\t\t\n\t\t\tclass=\"so-widget-sow-editor so-widget-sow-editor-base\"\n\t\t\t\n\t\t>\n<div class=\"siteorigin-widget-tinymce textwidget\">\n\t<p><strong><span style=\"font-family: arial, sans-serif;\">LES HORIZONS DU MONDE<\/span><\/strong><br \/>\nExposition de Cartes Marines du Collectif <a href=\"https:\/\/baam-lorient.com\/\">Baam\u00a0<\/a><\/p>\n<pre>\u25ca Du jeudi 10 au dimanche 13 octobre\n\u25ca Cit\u00e9 de la Voile Eric Tabarly, Le Karr\u00e9<\/pre>\n<\/div>\n<\/div><\/div><div id=\"panel-7728-0-0-1\" class=\"so-panel widget widget_sow-image\" data-index=\"1\" ><div\n\t\t\t\n\t\t\tclass=\"so-widget-sow-image so-widget-sow-image-default-8b5b6f678277-7728\"\n\t\t\t\n\t\t>\n<div class=\"sow-image-container\">\n\t\t<img \n\tsrc=\"https:\/\/aventuriersdelamer.fr\/wp-content\/uploads\/2024\/09\/horizonsbaaam.jpeg\" width=\"1600\" height=\"1600\" srcset=\"https:\/\/aventuriersdelamer.fr\/wp-content\/uploads\/2024\/09\/horizonsbaaam.jpeg 1600w, https:\/\/aventuriersdelamer.fr\/wp-content\/uploads\/2024\/09\/horizonsbaaam-300x300.jpeg 300w, https:\/\/aventuriersdelamer.fr\/wp-content\/uploads\/2024\/09\/horizonsbaaam-1024x1024.jpeg 1024w, https:\/\/aventuriersdelamer.fr\/wp-content\/uploads\/2024\/09\/horizonsbaaam-150x150.jpeg 150w, https:\/\/aventuriersdelamer.fr\/wp-content\/uploads\/2024\/09\/horizonsbaaam-768x768.jpeg 768w, https:\/\/aventuriersdelamer.fr\/wp-content\/uploads\/2024\/09\/horizonsbaaam-600x600.jpeg 600w, https:\/\/aventuriersdelamer.fr\/wp-content\/uploads\/2024\/09\/horizonsbaaam-1536x1536.jpeg 1536w\" sizes=\"(max-width: 1600px) 100vw, 1600px\" alt=\"\" \t\tclass=\"so-widget-image\"\/>\n\t<\/div>\n\n<\/div><\/div><div id=\"panel-7728-0-0-2\" class=\"so-panel widget widget_sow-editor\" data-index=\"2\" ><div\n\t\t\t\n\t\t\tclass=\"so-widget-sow-editor so-widget-sow-editor-base\"\n\t\t\t\n\t\t>\n<div class=\"siteorigin-widget-tinymce textwidget\">\n\t<p><span style=\"color: #008080;\"><em><span style=\"font-family: arial, sans-serif;\">Rue Dubail, un soir d\u2019hiver.<span class=\"gmail-Apple-converted-space\">\u00a0<\/span>Alors que la nuit tombe, la lourde porte de verre de la galerie pousse son hurlement caract\u00e9ristique. La visi\u00e8re d\u2019une casquette appara\u00eet, suivie d\u2019un visage creus\u00e9 de sillons cendr\u00e9s. L\u2019\u0153il est gouailleur, le lobe est boucl\u00e9. L\u2019homme qui se tient devant nous n\u2019appartient pas \u00e0 cette histoire, mais bien \u00e0 une autre, plus ancienne s\u00fbrement, plus tumultueuse peut-\u00eatre. Il tient sous son bras plusieurs rouleaux de cartes marines.<\/span><\/em><\/span><\/p>\n<p>\u00ab \u00c7a vous int\u00e9resserait pas ce genre de cartes ? \u00bb<br \/>\n\"Carr\u00e9ment que \u00e7a nous int\u00e9resse.\"<br \/>\n\u00ab Alors, je vous les file, parce que moi faut que je vide mes cales \u00bb.<\/p>\n<p><span style=\"color: #008080;\"><em><span style=\"font-family: arial, sans-serif;\">En un courant d\u2019air, il d\u00e9pose ses rouleaux jaunis, repart, puis revient quasiment instantan\u00e9ment avec d\u2019autres exemplaires. Des dizaines et des dizaines de cartes marines, roul\u00e9es, puis d\u00e9roul\u00e9es sous nos yeux \u00e9baubis. Pendant que nous contemplons le tr\u00e9sor, l\u2019\u00e9trange capitaine \u2013 il l\u2019est forc\u00e9ment avec une allure pareille \u2013 marmonne quelques phrases, avant de dispara\u00eetre dans un souffle.<\/span><\/em><\/span><\/p>\n<p><em><span style=\"font-family: arial, sans-serif; color: #008080;\">Devant nous, les reliefs de Trinidad et Tobago, les contours du Mont\u00e9n\u00e9gro, les courants du Golfe de Gascogne, les mers, les oc\u00e9ans et tous les horizons du monde. Au c\u0153ur de cette histoire (la n\u00f4tre), d\u2019autres viennent alors s\u2019entrem\u00ealer. Les voici retrac\u00e9es de gr\u00e8ves en estrans, et d\u2019ondes en rivages. Ahoy !<\/span><\/em><\/p>\n<\/div>\n<\/div><\/div><div id=\"panel-7728-0-0-3\" class=\"so-panel widget widget_sow-editor\" data-index=\"3\" ><div\n\t\t\t\n\t\t\tclass=\"so-widget-sow-editor so-widget-sow-editor-base\"\n\t\t\t\n\t\t>\n<div class=\"siteorigin-widget-tinymce textwidget\">\n\t<p>LES AVENTURIERES DE LA MER<br \/>\nPlanches originales d\u2019<a href=\"https:\/\/annesmith.fr\/\">Anne Smith<\/a>, peintre de la Marine<br \/>\nissues\u00a0 \"Les aventuri\u00e8res de la mer\", de Anne Smith, Cl\u00e9mentine Moulin et Antoine Cl\u00e9ment (Editions Ouest-France 2024)<\/p>\n<pre>\u25ca Du jeudi 10 au dimanche 13 octobre\n\u25ca Cit\u00e9 de la Voile Eric Tabarly, Hall d'accueil<\/pre>\n<\/div>\n<\/div><\/div><div id=\"panel-7728-0-0-4\" class=\"so-panel widget widget_sow-image\" data-index=\"4\" ><div\n\t\t\t\n\t\t\tclass=\"so-widget-sow-image so-widget-sow-image-default-c67d20f9f743-7728\"\n\t\t\t\n\t\t>\n<div class=\"sow-image-container\">\n\t\t<img \n\tsrc=\"https:\/\/aventuriersdelamer.fr\/wp-content\/uploads\/2024\/09\/couv-avm-mer.jpg\" width=\"344\" height=\"460\" srcset=\"https:\/\/aventuriersdelamer.fr\/wp-content\/uploads\/2024\/09\/couv-avm-mer.jpg 344w, https:\/\/aventuriersdelamer.fr\/wp-content\/uploads\/2024\/09\/couv-avm-mer-224x300.jpg 224w\" sizes=\"(max-width: 344px) 100vw, 344px\" title=\"Les aventuri\u00e8res de la mer\" alt=\"\" \t\tclass=\"so-widget-image\"\/>\n\t<\/div>\n\n<\/div><\/div><div id=\"panel-7728-0-0-5\" class=\"so-panel widget widget_sow-editor\" data-index=\"5\" ><div\n\t\t\t\n\t\t\tclass=\"so-widget-sow-editor so-widget-sow-editor-base\"\n\t\t\t\n\t\t>\n<div class=\"siteorigin-widget-tinymce textwidget\">\n\t<p><span style=\"color: #008080;\"><em>Anne Smith est une des rares femmes \u00ab\u00a0peintre officielle de la Marine\u00a0\u00bb. Ce titre lui a ouvert les portes du monde maritime, et il ne lui en fallait pas moins pour qu\u2019elle devienne une grande voyageuse. Sur les vaisseaux de la Marine nationale, elle a sillonn\u00e9 l\u2019oc\u00e9an, elle a peint. Les planches originales expos\u00e9es sont une adaptation podcast Women of the Seas, de Antoine Cl\u00e9ment et Cl\u00e9mentine Moulin, sur les aventures de femmes en mer, leurs voyages et leurs m\u00e9tiers.<\/em> <\/span><\/p>\n<p><strong>Rencontrez l'artiste !<\/strong><\/p>\n<pre><strong>Rencontre avec Anne Smith\n<\/strong>\u25ca Vendredi 11 octobre, 15h\n\u25ca Mus\u00e9e de la Marine de Port-Louis \n\u25ca Anim\u00e9e par France Pinczon du Sel\n<strong>\n<\/strong><\/pre>\n<pre><strong>Anne Smith en d\u00e9dicaces<\/strong>\n\u25ca Samedi 12 et dimanche 13 octobre\n\u25ca Cit\u00e9 de la Voile Eric Tabarly, Le Karr\u00e9\n\n<\/pre>\n<\/div>\n<\/div><\/div><div id=\"panel-7728-0-0-6\" class=\"so-panel widget widget_sow-editor\" data-index=\"6\" ><div\n\t\t\t\n\t\t\tclass=\"so-widget-sow-editor so-widget-sow-editor-base\"\n\t\t\t\n\t\t>\n<div class=\"siteorigin-widget-tinymce textwidget\">\n\t<p><strong>NOUVEAUX IMAGINAIRES MARITIMES ET LITTORAUX<\/strong><br \/>\nPar le collectif <a href=\"https:\/\/www.bretagnetierslieux.bzh\/\">Bretagne Tiers-Lieux<\/a><\/p>\n<pre>\u25ca Du vendredi 11 au dimanche 13 octobre\n\u25ca Parvis Cit\u00e9 de la Voile Eric Tabarly, La buvette des Aventuriers<\/pre>\n<\/div>\n<\/div><\/div><div id=\"panel-7728-0-0-7\" class=\"so-panel widget widget_sow-image\" data-index=\"7\" ><div\n\t\t\t\n\t\t\tclass=\"so-widget-sow-image so-widget-sow-image-default-c67d20f9f743-7728\"\n\t\t\t\n\t\t>\n<div class=\"sow-image-container\">\n\t\t<img \n\tsrc=\"https:\/\/aventuriersdelamer.fr\/wp-content\/uploads\/2024\/09\/maison-glaz.png\" width=\"802\" height=\"527\" srcset=\"https:\/\/aventuriersdelamer.fr\/wp-content\/uploads\/2024\/09\/maison-glaz.png 802w, https:\/\/aventuriersdelamer.fr\/wp-content\/uploads\/2024\/09\/maison-glaz-300x197.png 300w, https:\/\/aventuriersdelamer.fr\/wp-content\/uploads\/2024\/09\/maison-glaz-768x505.png 768w, https:\/\/aventuriersdelamer.fr\/wp-content\/uploads\/2024\/09\/maison-glaz-600x394.png 600w, https:\/\/aventuriersdelamer.fr\/wp-content\/uploads\/2024\/09\/maison-glaz-457x300.png 457w\" sizes=\"(max-width: 802px) 100vw, 802px\" title=\"maison glaz\" alt=\"\" \t\tclass=\"so-widget-image\"\/>\n\t<\/div>\n\n<\/div><\/div><div id=\"panel-7728-0-0-8\" class=\"so-panel widget widget_sow-editor panel-last-child\" data-index=\"8\" ><div\n\t\t\t\n\t\t\tclass=\"so-widget-sow-editor so-widget-sow-editor-base\"\n\t\t\t\n\t\t>\n<div class=\"siteorigin-widget-tinymce textwidget\">\n\t<p><span style=\"color: #008080;\"><em>Initi\u00e9 par un collectif fondateur\u00b7rice\u00b7s de tiers-lieux et r\u00e9seaux, le projet Bretagne Tiers-Lieux est de f\u00e9d\u00e9rer les tiers-lieux bretons dans leur diversit\u00e9 autour d\u2019une communaut\u00e9 d\u2019entraide. <\/em><\/span><\/p>\n<p><span style=\"color: #008080;\"><em>L\u2019exposition pr\u00e9sente <strong>les initiatives maritimes pour des littoraux vivants et habitables<\/strong> : Maison Glaz, Ecole de l\u2019exploration, Passe-Coques, Skravik ..<\/em><\/span><\/p>\n<\/div>\n<\/div><\/div><\/div><\/div><\/div>","protected":false},"excerpt":{"rendered":"<p>LES HORIZONS DU MONDE Exposition de Cartes Marines du Collectif Baam&nbsp; &loz; Du jeudi 10 au dimanche 13 octobre &loz; Cit&eacute; de la Voile Eric Tabarly, Le Karr&eacute; Rue Dubail, un soir d&rsquo;hiver.&nbsp;Alors que la nuit tombe, la lourde porte &hellip; <a href=\"https:\/\/aventuriersdelamer.fr\/index.php\/expositions-2024\/\">Continuer la lecture <span class=\"meta-nav\">&rarr;<\/span><\/a><\/p>\n","protected":false},"author":1,"featured_media":7730,"parent":0,"menu_order":0,"comment_status":"closed","ping_status":"closed","template":"","meta":{"footnotes":""},"class_list":["post-7728","page","type-page","status-publish","has-post-thumbnail","hentry"],"yoast_head":"<!-- This site is optimized with the Yoast SEO plugin v27.3 - https:\/\/yoast.com\/product\/yoast-seo-wordpress\/ -->\n<title>Expositions - Festival Les Aventuriers de la Mer<\/title>\n<meta name=\"robots\" content=\"index, follow, max-snippet:-1, max-image-preview:large, max-video-preview:-1\" \/>\n<link rel=\"canonical\" href=\"https:\/\/aventuriersdelamer.fr\/index.php\/expositions-2024\/\" \/>\n<meta property=\"og:locale\" content=\"fr_FR\" \/>\n<meta property=\"og:type\" content=\"article\" \/>\n<meta property=\"og:title\" content=\"Expositions - Festival Les Aventuriers de la Mer\" \/>\n<meta property=\"og:description\" content=\"LES HORIZONS DU MONDE Exposition de Cartes Marines du Collectif Baam&nbsp; &loz; Du jeudi 10 au dimanche 13 octobre &loz; Cit&eacute; de la Voile Eric Tabarly, Le Karr&eacute; Rue Dubail, un soir d&rsquo;hiver.&nbsp;Alors que la nuit tombe, la lourde porte &hellip; Continuer la lecture &rarr;\" \/>\n<meta property=\"og:url\" content=\"https:\/\/aventuriersdelamer.fr\/index.php\/expositions-2024\/\" \/>\n<meta property=\"og:site_name\" content=\"Festival Les Aventuriers de la Mer\" \/>\n<meta property=\"article:publisher\" content=\"https:\/\/www.facebook.com\/aventuriersdelamer\/\" \/>\n<meta property=\"article:modified_time\" content=\"2024-09-30T13:59:31+00:00\" \/>\n<meta property=\"og:image\" content=\"https:\/\/aventuriersdelamer.fr\/wp-content\/uploads\/2024\/09\/horizonsbaaam.jpeg\" \/>\n\t<meta property=\"og:image:width\" content=\"1600\" \/>\n\t<meta property=\"og:image:height\" content=\"1600\" \/>\n\t<meta property=\"og:image:type\" content=\"image\/jpeg\" \/>\n<meta name=\"twitter:card\" content=\"summary_large_image\" \/>\n<meta name=\"twitter:label1\" content=\"Dur\u00e9e de lecture estim\u00e9e\" \/>\n\t<meta name=\"twitter:data1\" content=\"3 minutes\" \/>\n<script type=\"application\/ld+json\" class=\"yoast-schema-graph\">{\"@context\":\"https:\\\/\\\/schema.org\",\"@graph\":[{\"@type\":\"WebPage\",\"@id\":\"https:\\\/\\\/aventuriersdelamer.fr\\\/index.php\\\/expositions-2024\\\/\",\"url\":\"https:\\\/\\\/aventuriersdelamer.fr\\\/index.php\\\/expositions-2024\\\/\",\"name\":\"Expositions - Festival Les Aventuriers de la Mer\",\"isPartOf\":{\"@id\":\"https:\\\/\\\/aventuriersdelamer.fr\\\/#website\"},\"primaryImageOfPage\":{\"@id\":\"https:\\\/\\\/aventuriersdelamer.fr\\\/index.php\\\/expositions-2024\\\/#primaryimage\"},\"image\":{\"@id\":\"https:\\\/\\\/aventuriersdelamer.fr\\\/index.php\\\/expositions-2024\\\/#primaryimage\"},\"thumbnailUrl\":\"https:\\\/\\\/aventuriersdelamer.fr\\\/wp-content\\\/uploads\\\/2024\\\/09\\\/horizonsbaaam.jpeg\",\"datePublished\":\"2024-09-19T09:07:15+00:00\",\"dateModified\":\"2024-09-30T13:59:31+00:00\",\"breadcrumb\":{\"@id\":\"https:\\\/\\\/aventuriersdelamer.fr\\\/index.php\\\/expositions-2024\\\/#breadcrumb\"},\"inLanguage\":\"fr-FR\",\"potentialAction\":[{\"@type\":\"ReadAction\",\"target\":[\"https:\\\/\\\/aventuriersdelamer.fr\\\/index.php\\\/expositions-2024\\\/\"]}]},{\"@type\":\"ImageObject\",\"inLanguage\":\"fr-FR\",\"@id\":\"https:\\\/\\\/aventuriersdelamer.fr\\\/index.php\\\/expositions-2024\\\/#primaryimage\",\"url\":\"https:\\\/\\\/aventuriersdelamer.fr\\\/wp-content\\\/uploads\\\/2024\\\/09\\\/horizonsbaaam.jpeg\",\"contentUrl\":\"https:\\\/\\\/aventuriersdelamer.fr\\\/wp-content\\\/uploads\\\/2024\\\/09\\\/horizonsbaaam.jpeg\",\"width\":1600,\"height\":1600},{\"@type\":\"BreadcrumbList\",\"@id\":\"https:\\\/\\\/aventuriersdelamer.fr\\\/index.php\\\/expositions-2024\\\/#breadcrumb\",\"itemListElement\":[{\"@type\":\"ListItem\",\"position\":1,\"name\":\"Accueil\",\"item\":\"https:\\\/\\\/aventuriersdelamer.fr\\\/\"},{\"@type\":\"ListItem\",\"position\":2,\"name\":\"Expositions\"}]},{\"@type\":\"WebSite\",\"@id\":\"https:\\\/\\\/aventuriersdelamer.fr\\\/#website\",\"url\":\"https:\\\/\\\/aventuriersdelamer.fr\\\/\",\"name\":\"Festival Les Aventuriers de la Mer\",\"description\":\"Explorer, innover et enchanter le monde\",\"publisher\":{\"@id\":\"https:\\\/\\\/aventuriersdelamer.fr\\\/#organization\"},\"potentialAction\":[{\"@type\":\"SearchAction\",\"target\":{\"@type\":\"EntryPoint\",\"urlTemplate\":\"https:\\\/\\\/aventuriersdelamer.fr\\\/?s={search_term_string}\"},\"query-input\":{\"@type\":\"PropertyValueSpecification\",\"valueRequired\":true,\"valueName\":\"search_term_string\"}}],\"inLanguage\":\"fr-FR\"},{\"@type\":\"Organization\",\"@id\":\"https:\\\/\\\/aventuriersdelamer.fr\\\/#organization\",\"name\":\"Le Bruit du Vent\",\"url\":\"https:\\\/\\\/aventuriersdelamer.fr\\\/\",\"logo\":{\"@type\":\"ImageObject\",\"inLanguage\":\"fr-FR\",\"@id\":\"https:\\\/\\\/aventuriersdelamer.fr\\\/#\\\/schema\\\/logo\\\/image\\\/\",\"url\":\"https:\\\/\\\/aventuriersdelamer.fr\\\/wp-content\\\/uploads\\\/2016\\\/01\\\/4ECA575F-1CCB-41C9-AAC8-93902736151E.jpeg\",\"contentUrl\":\"https:\\\/\\\/aventuriersdelamer.fr\\\/wp-content\\\/uploads\\\/2016\\\/01\\\/4ECA575F-1CCB-41C9-AAC8-93902736151E.jpeg\",\"width\":222,\"height\":198,\"caption\":\"Le Bruit du Vent\"},\"image\":{\"@id\":\"https:\\\/\\\/aventuriersdelamer.fr\\\/#\\\/schema\\\/logo\\\/image\\\/\"},\"sameAs\":[\"https:\\\/\\\/www.facebook.com\\\/aventuriersdelamer\\\/\"]}]}<\/script>\n<!-- \/ Yoast SEO plugin. -->","yoast_head_json":{"title":"Expositions - Festival Les Aventuriers de la Mer","robots":{"index":"index","follow":"follow","max-snippet":"max-snippet:-1","max-image-preview":"max-image-preview:large","max-video-preview":"max-video-preview:-1"},"canonical":"https:\/\/aventuriersdelamer.fr\/index.php\/expositions-2024\/","og_locale":"fr_FR","og_type":"article","og_title":"Expositions - Festival Les Aventuriers de la Mer","og_description":"LES HORIZONS DU MONDE Exposition de Cartes Marines du Collectif Baam&nbsp; &loz; Du jeudi 10 au dimanche 13 octobre &loz; Cit&eacute; de la Voile Eric Tabarly, Le Karr&eacute; Rue Dubail, un soir d&rsquo;hiver.&nbsp;Alors que la nuit tombe, la lourde porte &hellip; Continuer la lecture &rarr;","og_url":"https:\/\/aventuriersdelamer.fr\/index.php\/expositions-2024\/","og_site_name":"Festival Les Aventuriers de la Mer","article_publisher":"https:\/\/www.facebook.com\/aventuriersdelamer\/","article_modified_time":"2024-09-30T13:59:31+00:00","og_image":[{"width":1600,"height":1600,"url":"https:\/\/aventuriersdelamer.fr\/wp-content\/uploads\/2024\/09\/horizonsbaaam.jpeg","type":"image\/jpeg"}],"twitter_card":"summary_large_image","twitter_misc":{"Dur\u00e9e de lecture estim\u00e9e":"3 minutes"},"schema":{"@context":"https:\/\/schema.org","@graph":[{"@type":"WebPage","@id":"https:\/\/aventuriersdelamer.fr\/index.php\/expositions-2024\/","url":"https:\/\/aventuriersdelamer.fr\/index.php\/expositions-2024\/","name":"Expositions - Festival Les Aventuriers de la Mer","isPartOf":{"@id":"https:\/\/aventuriersdelamer.fr\/#website"},"primaryImageOfPage":{"@id":"https:\/\/aventuriersdelamer.fr\/index.php\/expositions-2024\/#primaryimage"},"image":{"@id":"https:\/\/aventuriersdelamer.fr\/index.php\/expositions-2024\/#primaryimage"},"thumbnailUrl":"https:\/\/aventuriersdelamer.fr\/wp-content\/uploads\/2024\/09\/horizonsbaaam.jpeg","datePublished":"2024-09-19T09:07:15+00:00","dateModified":"2024-09-30T13:59:31+00:00","breadcrumb":{"@id":"https:\/\/aventuriersdelamer.fr\/index.php\/expositions-2024\/#breadcrumb"},"inLanguage":"fr-FR","potentialAction":[{"@type":"ReadAction","target":["https:\/\/aventuriersdelamer.fr\/index.php\/expositions-2024\/"]}]},{"@type":"ImageObject","inLanguage":"fr-FR","@id":"https:\/\/aventuriersdelamer.fr\/index.php\/expositions-2024\/#primaryimage","url":"https:\/\/aventuriersdelamer.fr\/wp-content\/uploads\/2024\/09\/horizonsbaaam.jpeg","contentUrl":"https:\/\/aventuriersdelamer.fr\/wp-content\/uploads\/2024\/09\/horizonsbaaam.jpeg","width":1600,"height":1600},{"@type":"BreadcrumbList","@id":"https:\/\/aventuriersdelamer.fr\/index.php\/expositions-2024\/#breadcrumb","itemListElement":[{"@type":"ListItem","position":1,"name":"Accueil","item":"https:\/\/aventuriersdelamer.fr\/"},{"@type":"ListItem","position":2,"name":"Expositions"}]},{"@type":"WebSite","@id":"https:\/\/aventuriersdelamer.fr\/#website","url":"https:\/\/aventuriersdelamer.fr\/","name":"Festival Les Aventuriers de la Mer","description":"Explorer, innover et enchanter le monde","publisher":{"@id":"https:\/\/aventuriersdelamer.fr\/#organization"},"potentialAction":[{"@type":"SearchAction","target":{"@type":"EntryPoint","urlTemplate":"https:\/\/aventuriersdelamer.fr\/?s={search_term_string}"},"query-input":{"@type":"PropertyValueSpecification","valueRequired":true,"valueName":"search_term_string"}}],"inLanguage":"fr-FR"},{"@type":"Organization","@id":"https:\/\/aventuriersdelamer.fr\/#organization","name":"Le Bruit du Vent","url":"https:\/\/aventuriersdelamer.fr\/","logo":{"@type":"ImageObject","inLanguage":"fr-FR","@id":"https:\/\/aventuriersdelamer.fr\/#\/schema\/logo\/image\/","url":"https:\/\/aventuriersdelamer.fr\/wp-content\/uploads\/2016\/01\/4ECA575F-1CCB-41C9-AAC8-93902736151E.jpeg","contentUrl":"https:\/\/aventuriersdelamer.fr\/wp-content\/uploads\/2016\/01\/4ECA575F-1CCB-41C9-AAC8-93902736151E.jpeg","width":222,"height":198,"caption":"Le Bruit du Vent"},"image":{"@id":"https:\/\/aventuriersdelamer.fr\/#\/schema\/logo\/image\/"},"sameAs":["https:\/\/www.facebook.com\/aventuriersdelamer\/"]}]}},"_links":{"self":[{"href":"https:\/\/aventuriersdelamer.fr\/index.php\/wp-json\/wp\/v2\/pages\/7728","targetHints":{"allow":["GET"]}}],"collection":[{"href":"https:\/\/aventuriersdelamer.fr\/index.php\/wp-json\/wp\/v2\/pages"}],"about":[{"href":"https:\/\/aventuriersdelamer.fr\/index.php\/wp-json\/wp\/v2\/types\/page"}],"author":[{"embeddable":true,"href":"https:\/\/aventuriersdelamer.fr\/index.php\/wp-json\/wp\/v2\/users\/1"}],"replies":[{"embeddable":true,"href":"https:\/\/aventuriersdelamer.fr\/index.php\/wp-json\/wp\/v2\/comments?post=7728"}],"version-history":[{"count":4,"href":"https:\/\/aventuriersdelamer.fr\/index.php\/wp-json\/wp\/v2\/pages\/7728\/revisions"}],"predecessor-version":[{"id":7734,"href":"https:\/\/aventuriersdelamer.fr\/index.php\/wp-json\/wp\/v2\/pages\/7728\/revisions\/7734"}],"wp:featuredmedia":[{"embeddable":true,"href":"https:\/\/aventuriersdelamer.fr\/index.php\/wp-json\/wp\/v2\/media\/7730"}],"wp:attachment":[{"href":"https:\/\/aventuriersdelamer.fr\/index.php\/wp-json\/wp\/v2\/media?parent=7728"}],"curies":[{"name":"wp","href":"https:\/\/api.w.org\/{rel}","templated":true}]}}