{"id":6718,"date":"2023-09-17T17:40:08","date_gmt":"2023-09-17T16:40:08","guid":{"rendered":"http:\/\/aventuriersdelamer.fr\/?page_id=6718"},"modified":"2023-09-21T12:45:13","modified_gmt":"2023-09-21T11:45:13","slug":"expositions-2023","status":"publish","type":"page","link":"https:\/\/aventuriersdelamer.fr\/index.php\/expositions-2023\/","title":{"rendered":"Expositions 2023"},"content":{"rendered":"<div id=\"pl-6718\"  class=\"panel-layout\" ><div id=\"pg-6718-0\"  class=\"panel-grid panel-no-style\" ><div id=\"pgc-6718-0-0\"  class=\"panel-grid-cell\" ><div id=\"panel-6718-0-0-0\" class=\"so-panel widget widget_sow-editor panel-first-child\" data-index=\"0\" ><div\n\t\t\t\n\t\t\tclass=\"so-widget-sow-editor so-widget-sow-editor-base\"\n\t\t\t\n\t\t>\n<div class=\"siteorigin-widget-tinymce textwidget\">\n\t<p><span style=\"color: #003366;\"><strong>La propulsion des navires par le vent\u00a0: une utopie en marche\u00a0!<\/strong><\/span><\/p>\n<hr \/>\n<p><strong>Une exposition de l'association Windship<\/strong><\/p>\n<\/div>\n<\/div><\/div><div id=\"panel-6718-0-0-1\" class=\"so-panel widget widget_sow-image\" data-index=\"1\" ><div\n\t\t\t\n\t\t\tclass=\"so-widget-sow-image so-widget-sow-image-default-8b5b6f678277-6718\"\n\t\t\t\n\t\t>\n<div class=\"sow-image-container\">\n\t\t<img \n\tsrc=\"https:\/\/aventuriersdelamer.fr\/wp-content\/uploads\/2023\/09\/Grain-de-Sail-Brooklyn-Marina-NYC-scaled.jpg\" width=\"2560\" height=\"1703\" srcset=\"https:\/\/aventuriersdelamer.fr\/wp-content\/uploads\/2023\/09\/Grain-de-Sail-Brooklyn-Marina-NYC-scaled.jpg 2560w, https:\/\/aventuriersdelamer.fr\/wp-content\/uploads\/2023\/09\/Grain-de-Sail-Brooklyn-Marina-NYC-300x200.jpg 300w, https:\/\/aventuriersdelamer.fr\/wp-content\/uploads\/2023\/09\/Grain-de-Sail-Brooklyn-Marina-NYC-1024x681.jpg 1024w, https:\/\/aventuriersdelamer.fr\/wp-content\/uploads\/2023\/09\/Grain-de-Sail-Brooklyn-Marina-NYC-768x511.jpg 768w, https:\/\/aventuriersdelamer.fr\/wp-content\/uploads\/2023\/09\/Grain-de-Sail-Brooklyn-Marina-NYC-600x399.jpg 600w, https:\/\/aventuriersdelamer.fr\/wp-content\/uploads\/2023\/09\/Grain-de-Sail-Brooklyn-Marina-NYC-1536x1022.jpg 1536w, https:\/\/aventuriersdelamer.fr\/wp-content\/uploads\/2023\/09\/Grain-de-Sail-Brooklyn-Marina-NYC-2048x1363.jpg 2048w, https:\/\/aventuriersdelamer.fr\/wp-content\/uploads\/2023\/09\/Grain-de-Sail-Brooklyn-Marina-NYC-451x300.jpg 451w, https:\/\/aventuriersdelamer.fr\/wp-content\/uploads\/2023\/09\/Grain-de-Sail-Brooklyn-Marina-NYC-272x182.jpg 272w\" sizes=\"(max-width: 2560px) 100vw, 2560px\" title=\"Grain de Sail Brooklyn Marina NYC\" alt=\"\" \t\tclass=\"so-widget-image\"\/>\n\t<\/div>\n\n<\/div><\/div><div id=\"panel-6718-0-0-2\" class=\"so-panel widget widget_sow-editor panel-last-child\" data-index=\"2\" ><div\n\t\t\t\n\t\t\tclass=\"so-widget-sow-editor so-widget-sow-editor-base\"\n\t\t\t\n\t\t>\n<div class=\"siteorigin-widget-tinymce textwidget\">\n\t<p><em>L\u2019exposition retrace les diff\u00e9rentes solutions et alternatives pour un transport \u00e9cologique, illustr\u00e9e par des projets concrets dont certains install\u00e9s \u00e0 Lorient, comme Canop\u00e9e de Z\u00e9phyr et Bor\u00e9e ou encore Windcoop. <strong>Wind Ship<\/strong> est une association fran\u00e7aise cr\u00e9\u00e9e pour acc\u00e9l\u00e9rer, \u00e0 son \u00e9chelle et par ses actions, la transition \u00e9cologique du maritime gr\u00e2ce au d\u00e9veloppement et au d\u00e9ploiement de la propulsion des navires marchands\u00a0 par le vent.<\/em><\/p>\n<p><span style=\"color: #000080;\"><strong>[ Rencontre ] <\/strong><\/span>En parall\u00e8le de l\u2019exposition, une rencontre est consacr\u00e9e au transport marchand par la force du vent <strong>samedi 14 octobre, 16h30<\/strong><\/p>\n<p><span style=\"text-decoration: underline;\"><span style=\"color: #008080; text-decoration: underline;\">Du\u00a0jeudi 12 octobre au dimanche 15 octobre \u2013 Karr\u00e9 \u00a0de la Cit\u00e9 de la voile<\/span><\/span><\/p>\n<\/div>\n<\/div><\/div><\/div><\/div><div id=\"pg-6718-1\"  class=\"panel-grid panel-no-style\" ><div id=\"pgc-6718-1-0\"  class=\"panel-grid-cell\" ><div id=\"panel-6718-1-0-0\" class=\"so-panel widget widget_sow-editor panel-first-child\" data-index=\"3\" ><div\n\t\t\t\n\t\t\tclass=\"so-widget-sow-editor so-widget-sow-editor-base\"\n\t\t\t\n\t\t>\n<div class=\"siteorigin-widget-tinymce textwidget\">\n\t<p><span style=\"color: #003366;\"><strong>Voyage planctonique<\/strong><\/span><\/p>\n<hr \/>\n<p><strong>Une exposition de Iodysseus - Exposition photographique de Valentin Foulon et Natalia Llopis.<\/strong><\/p>\n<\/div>\n<\/div><\/div><div id=\"panel-6718-1-0-1\" class=\"so-panel widget widget_sow-image\" data-index=\"4\" ><div\n\t\t\t\n\t\t\tclass=\"so-widget-sow-image so-widget-sow-image-default-8b5b6f678277-6718\"\n\t\t\t\n\t\t>\n<div class=\"sow-image-container\">\n\t\t<img \n\tsrc=\"https:\/\/aventuriersdelamer.fr\/wp-content\/uploads\/2023\/09\/plancton-2.jpg\" width=\"2000\" height=\"2000\" srcset=\"https:\/\/aventuriersdelamer.fr\/wp-content\/uploads\/2023\/09\/plancton-2.jpg 2000w, https:\/\/aventuriersdelamer.fr\/wp-content\/uploads\/2023\/09\/plancton-2-300x300.jpg 300w, https:\/\/aventuriersdelamer.fr\/wp-content\/uploads\/2023\/09\/plancton-2-1024x1024.jpg 1024w, https:\/\/aventuriersdelamer.fr\/wp-content\/uploads\/2023\/09\/plancton-2-150x150.jpg 150w, https:\/\/aventuriersdelamer.fr\/wp-content\/uploads\/2023\/09\/plancton-2-768x768.jpg 768w, https:\/\/aventuriersdelamer.fr\/wp-content\/uploads\/2023\/09\/plancton-2-600x600.jpg 600w, https:\/\/aventuriersdelamer.fr\/wp-content\/uploads\/2023\/09\/plancton-2-1536x1536.jpg 1536w\" sizes=\"(max-width: 2000px) 100vw, 2000px\" alt=\"\" \t\tclass=\"so-widget-image\"\/>\n\t<\/div>\n\n<\/div><\/div><div id=\"panel-6718-1-0-2\" class=\"so-panel widget widget_sow-editor panel-last-child\" data-index=\"5\" ><div\n\t\t\t\n\t\t\tclass=\"so-widget-sow-editor so-widget-sow-editor-base\"\n\t\t\t\n\t\t>\n<div class=\"siteorigin-widget-tinymce textwidget\">\n\t<p><span style=\"color: #000000;\"><em>Natalia et Valentin sont deux jeunes scientifiques passionn\u00e9s par les micro-organismes marins et la photographie. Ensemble, ils ont r\u00e9alis\u00e9 de magnifiques et surprenants clich\u00e9s de radiolaires, qui sont une partie du plancton marin. Des photographies pour le plaisir des yeux, l\u2019avanc\u00e9e de la science et la sensibilisation du grand public.<\/em><\/span><\/p>\n<p><span style=\"text-decoration: underline;\"><span style=\"color: #008080; text-decoration: underline;\">Du jeudi 12 octobre au dimanche 15 octobre \u2013 Hall\u00a0 de la Cit\u00e9 de la voile<\/span><\/span><\/p>\n<p><strong><span style=\"color: #003366;\">[ Rencontre ]<\/span><\/strong><br \/>\nEn parall\u00e8le de l\u2019exposition, une rencontre est consacr\u00e9e<br \/>\n\u00e0 <span style=\"text-decoration: underline;\"><span style=\"color: #008080; text-decoration: underline;\">\"L'oc\u00e9an, cette incroyable machine\" samedi 14 octobre,<\/span><\/span><br \/>\n<span style=\"text-decoration: underline;\"><span style=\"color: #008080; text-decoration: underline;\">14h30 <\/span><\/span><strong><br \/>\n<\/strong><\/p>\n<p>&nbsp;<\/p>\n<\/div>\n<\/div><\/div><\/div><\/div><\/div>","protected":false},"excerpt":{"rendered":"<p>La propulsion des navires par le vent&nbsp;: une utopie en marche&nbsp;! Une exposition de l&rsquo;association Windship L&rsquo;exposition retrace les diff&eacute;rentes solutions et alternatives pour un transport &eacute;cologique, illustr&eacute;e par des projets concrets dont certains install&eacute;s &agrave; Lorient, comme Canop&eacute;e de &hellip; <a href=\"https:\/\/aventuriersdelamer.fr\/index.php\/expositions-2023\/\">Continuer la lecture <span class=\"meta-nav\">&rarr;<\/span><\/a><\/p>\n","protected":false},"author":1,"featured_media":6719,"parent":0,"menu_order":0,"comment_status":"closed","ping_status":"closed","template":"","meta":{"footnotes":""},"class_list":["post-6718","page","type-page","status-publish","has-post-thumbnail","hentry"],"yoast_head":"<!-- This site is optimized with the Yoast SEO plugin v27.3 - https:\/\/yoast.com\/product\/yoast-seo-wordpress\/ -->\n<title>Expositions 2023 - Festival Les Aventuriers de la Mer<\/title>\n<meta name=\"robots\" content=\"index, follow, max-snippet:-1, max-image-preview:large, max-video-preview:-1\" \/>\n<link rel=\"canonical\" href=\"https:\/\/aventuriersdelamer.fr\/index.php\/expositions-2023\/\" \/>\n<meta property=\"og:locale\" content=\"fr_FR\" \/>\n<meta property=\"og:type\" content=\"article\" \/>\n<meta property=\"og:title\" content=\"Expositions 2023 - Festival Les Aventuriers de la Mer\" \/>\n<meta property=\"og:description\" content=\"La propulsion des navires par le vent&nbsp;: une utopie en marche&nbsp;! Une exposition de l&#039;association Windship L&rsquo;exposition retrace les diff&eacute;rentes solutions et alternatives pour un transport &eacute;cologique, illustr&eacute;e par des projets concrets dont certains install&eacute;s &agrave; Lorient, comme Canop&eacute;e de &hellip; Continuer la lecture &rarr;\" \/>\n<meta property=\"og:url\" content=\"https:\/\/aventuriersdelamer.fr\/index.php\/expositions-2023\/\" \/>\n<meta property=\"og:site_name\" content=\"Festival Les Aventuriers de la Mer\" \/>\n<meta property=\"article:publisher\" content=\"https:\/\/www.facebook.com\/aventuriersdelamer\/\" \/>\n<meta property=\"article:modified_time\" content=\"2023-09-21T11:45:13+00:00\" \/>\n<meta property=\"og:image\" content=\"https:\/\/aventuriersdelamer.fr\/wp-content\/uploads\/2023\/09\/plancton-2.jpg\" \/>\n\t<meta property=\"og:image:width\" content=\"2000\" \/>\n\t<meta property=\"og:image:height\" content=\"2000\" \/>\n\t<meta property=\"og:image:type\" content=\"image\/jpeg\" \/>\n<meta name=\"twitter:card\" content=\"summary_large_image\" \/>\n<meta name=\"twitter:label1\" content=\"Dur\u00e9e de lecture estim\u00e9e\" \/>\n\t<meta name=\"twitter:data1\" content=\"1 minute\" \/>\n<script type=\"application\/ld+json\" class=\"yoast-schema-graph\">{\"@context\":\"https:\\\/\\\/schema.org\",\"@graph\":[{\"@type\":\"WebPage\",\"@id\":\"https:\\\/\\\/aventuriersdelamer.fr\\\/index.php\\\/expositions-2023\\\/\",\"url\":\"https:\\\/\\\/aventuriersdelamer.fr\\\/index.php\\\/expositions-2023\\\/\",\"name\":\"Expositions 2023 - Festival Les Aventuriers de la Mer\",\"isPartOf\":{\"@id\":\"https:\\\/\\\/aventuriersdelamer.fr\\\/#website\"},\"primaryImageOfPage\":{\"@id\":\"https:\\\/\\\/aventuriersdelamer.fr\\\/index.php\\\/expositions-2023\\\/#primaryimage\"},\"image\":{\"@id\":\"https:\\\/\\\/aventuriersdelamer.fr\\\/index.php\\\/expositions-2023\\\/#primaryimage\"},\"thumbnailUrl\":\"https:\\\/\\\/aventuriersdelamer.fr\\\/wp-content\\\/uploads\\\/2023\\\/09\\\/plancton-2.jpg\",\"datePublished\":\"2023-09-17T16:40:08+00:00\",\"dateModified\":\"2023-09-21T11:45:13+00:00\",\"breadcrumb\":{\"@id\":\"https:\\\/\\\/aventuriersdelamer.fr\\\/index.php\\\/expositions-2023\\\/#breadcrumb\"},\"inLanguage\":\"fr-FR\",\"potentialAction\":[{\"@type\":\"ReadAction\",\"target\":[\"https:\\\/\\\/aventuriersdelamer.fr\\\/index.php\\\/expositions-2023\\\/\"]}]},{\"@type\":\"ImageObject\",\"inLanguage\":\"fr-FR\",\"@id\":\"https:\\\/\\\/aventuriersdelamer.fr\\\/index.php\\\/expositions-2023\\\/#primaryimage\",\"url\":\"https:\\\/\\\/aventuriersdelamer.fr\\\/wp-content\\\/uploads\\\/2023\\\/09\\\/plancton-2.jpg\",\"contentUrl\":\"https:\\\/\\\/aventuriersdelamer.fr\\\/wp-content\\\/uploads\\\/2023\\\/09\\\/plancton-2.jpg\",\"width\":2000,\"height\":2000},{\"@type\":\"BreadcrumbList\",\"@id\":\"https:\\\/\\\/aventuriersdelamer.fr\\\/index.php\\\/expositions-2023\\\/#breadcrumb\",\"itemListElement\":[{\"@type\":\"ListItem\",\"position\":1,\"name\":\"Accueil\",\"item\":\"https:\\\/\\\/aventuriersdelamer.fr\\\/\"},{\"@type\":\"ListItem\",\"position\":2,\"name\":\"Expositions 2023\"}]},{\"@type\":\"WebSite\",\"@id\":\"https:\\\/\\\/aventuriersdelamer.fr\\\/#website\",\"url\":\"https:\\\/\\\/aventuriersdelamer.fr\\\/\",\"name\":\"Festival Les Aventuriers de la Mer\",\"description\":\"Explorer, innover et enchanter le monde\",\"publisher\":{\"@id\":\"https:\\\/\\\/aventuriersdelamer.fr\\\/#organization\"},\"potentialAction\":[{\"@type\":\"SearchAction\",\"target\":{\"@type\":\"EntryPoint\",\"urlTemplate\":\"https:\\\/\\\/aventuriersdelamer.fr\\\/?s={search_term_string}\"},\"query-input\":{\"@type\":\"PropertyValueSpecification\",\"valueRequired\":true,\"valueName\":\"search_term_string\"}}],\"inLanguage\":\"fr-FR\"},{\"@type\":\"Organization\",\"@id\":\"https:\\\/\\\/aventuriersdelamer.fr\\\/#organization\",\"name\":\"Le Bruit du Vent\",\"url\":\"https:\\\/\\\/aventuriersdelamer.fr\\\/\",\"logo\":{\"@type\":\"ImageObject\",\"inLanguage\":\"fr-FR\",\"@id\":\"https:\\\/\\\/aventuriersdelamer.fr\\\/#\\\/schema\\\/logo\\\/image\\\/\",\"url\":\"https:\\\/\\\/aventuriersdelamer.fr\\\/wp-content\\\/uploads\\\/2016\\\/01\\\/4ECA575F-1CCB-41C9-AAC8-93902736151E.jpeg\",\"contentUrl\":\"https:\\\/\\\/aventuriersdelamer.fr\\\/wp-content\\\/uploads\\\/2016\\\/01\\\/4ECA575F-1CCB-41C9-AAC8-93902736151E.jpeg\",\"width\":222,\"height\":198,\"caption\":\"Le Bruit du Vent\"},\"image\":{\"@id\":\"https:\\\/\\\/aventuriersdelamer.fr\\\/#\\\/schema\\\/logo\\\/image\\\/\"},\"sameAs\":[\"https:\\\/\\\/www.facebook.com\\\/aventuriersdelamer\\\/\"]}]}<\/script>\n<!-- \/ Yoast SEO plugin. -->","yoast_head_json":{"title":"Expositions 2023 - Festival Les Aventuriers de la Mer","robots":{"index":"index","follow":"follow","max-snippet":"max-snippet:-1","max-image-preview":"max-image-preview:large","max-video-preview":"max-video-preview:-1"},"canonical":"https:\/\/aventuriersdelamer.fr\/index.php\/expositions-2023\/","og_locale":"fr_FR","og_type":"article","og_title":"Expositions 2023 - Festival Les Aventuriers de la Mer","og_description":"La propulsion des navires par le vent&nbsp;: une utopie en marche&nbsp;! Une exposition de l'association Windship L&rsquo;exposition retrace les diff&eacute;rentes solutions et alternatives pour un transport &eacute;cologique, illustr&eacute;e par des projets concrets dont certains install&eacute;s &agrave; Lorient, comme Canop&eacute;e de &hellip; Continuer la lecture &rarr;","og_url":"https:\/\/aventuriersdelamer.fr\/index.php\/expositions-2023\/","og_site_name":"Festival Les Aventuriers de la Mer","article_publisher":"https:\/\/www.facebook.com\/aventuriersdelamer\/","article_modified_time":"2023-09-21T11:45:13+00:00","og_image":[{"width":2000,"height":2000,"url":"https:\/\/aventuriersdelamer.fr\/wp-content\/uploads\/2023\/09\/plancton-2.jpg","type":"image\/jpeg"}],"twitter_card":"summary_large_image","twitter_misc":{"Dur\u00e9e de lecture estim\u00e9e":"1 minute"},"schema":{"@context":"https:\/\/schema.org","@graph":[{"@type":"WebPage","@id":"https:\/\/aventuriersdelamer.fr\/index.php\/expositions-2023\/","url":"https:\/\/aventuriersdelamer.fr\/index.php\/expositions-2023\/","name":"Expositions 2023 - Festival Les Aventuriers de la Mer","isPartOf":{"@id":"https:\/\/aventuriersdelamer.fr\/#website"},"primaryImageOfPage":{"@id":"https:\/\/aventuriersdelamer.fr\/index.php\/expositions-2023\/#primaryimage"},"image":{"@id":"https:\/\/aventuriersdelamer.fr\/index.php\/expositions-2023\/#primaryimage"},"thumbnailUrl":"https:\/\/aventuriersdelamer.fr\/wp-content\/uploads\/2023\/09\/plancton-2.jpg","datePublished":"2023-09-17T16:40:08+00:00","dateModified":"2023-09-21T11:45:13+00:00","breadcrumb":{"@id":"https:\/\/aventuriersdelamer.fr\/index.php\/expositions-2023\/#breadcrumb"},"inLanguage":"fr-FR","potentialAction":[{"@type":"ReadAction","target":["https:\/\/aventuriersdelamer.fr\/index.php\/expositions-2023\/"]}]},{"@type":"ImageObject","inLanguage":"fr-FR","@id":"https:\/\/aventuriersdelamer.fr\/index.php\/expositions-2023\/#primaryimage","url":"https:\/\/aventuriersdelamer.fr\/wp-content\/uploads\/2023\/09\/plancton-2.jpg","contentUrl":"https:\/\/aventuriersdelamer.fr\/wp-content\/uploads\/2023\/09\/plancton-2.jpg","width":2000,"height":2000},{"@type":"BreadcrumbList","@id":"https:\/\/aventuriersdelamer.fr\/index.php\/expositions-2023\/#breadcrumb","itemListElement":[{"@type":"ListItem","position":1,"name":"Accueil","item":"https:\/\/aventuriersdelamer.fr\/"},{"@type":"ListItem","position":2,"name":"Expositions 2023"}]},{"@type":"WebSite","@id":"https:\/\/aventuriersdelamer.fr\/#website","url":"https:\/\/aventuriersdelamer.fr\/","name":"Festival Les Aventuriers de la Mer","description":"Explorer, innover et enchanter le monde","publisher":{"@id":"https:\/\/aventuriersdelamer.fr\/#organization"},"potentialAction":[{"@type":"SearchAction","target":{"@type":"EntryPoint","urlTemplate":"https:\/\/aventuriersdelamer.fr\/?s={search_term_string}"},"query-input":{"@type":"PropertyValueSpecification","valueRequired":true,"valueName":"search_term_string"}}],"inLanguage":"fr-FR"},{"@type":"Organization","@id":"https:\/\/aventuriersdelamer.fr\/#organization","name":"Le Bruit du Vent","url":"https:\/\/aventuriersdelamer.fr\/","logo":{"@type":"ImageObject","inLanguage":"fr-FR","@id":"https:\/\/aventuriersdelamer.fr\/#\/schema\/logo\/image\/","url":"https:\/\/aventuriersdelamer.fr\/wp-content\/uploads\/2016\/01\/4ECA575F-1CCB-41C9-AAC8-93902736151E.jpeg","contentUrl":"https:\/\/aventuriersdelamer.fr\/wp-content\/uploads\/2016\/01\/4ECA575F-1CCB-41C9-AAC8-93902736151E.jpeg","width":222,"height":198,"caption":"Le Bruit du Vent"},"image":{"@id":"https:\/\/aventuriersdelamer.fr\/#\/schema\/logo\/image\/"},"sameAs":["https:\/\/www.facebook.com\/aventuriersdelamer\/"]}]}},"_links":{"self":[{"href":"https:\/\/aventuriersdelamer.fr\/index.php\/wp-json\/wp\/v2\/pages\/6718","targetHints":{"allow":["GET"]}}],"collection":[{"href":"https:\/\/aventuriersdelamer.fr\/index.php\/wp-json\/wp\/v2\/pages"}],"about":[{"href":"https:\/\/aventuriersdelamer.fr\/index.php\/wp-json\/wp\/v2\/types\/page"}],"author":[{"embeddable":true,"href":"https:\/\/aventuriersdelamer.fr\/index.php\/wp-json\/wp\/v2\/users\/1"}],"replies":[{"embeddable":true,"href":"https:\/\/aventuriersdelamer.fr\/index.php\/wp-json\/wp\/v2\/comments?post=6718"}],"version-history":[{"count":10,"href":"https:\/\/aventuriersdelamer.fr\/index.php\/wp-json\/wp\/v2\/pages\/6718\/revisions"}],"predecessor-version":[{"id":6976,"href":"https:\/\/aventuriersdelamer.fr\/index.php\/wp-json\/wp\/v2\/pages\/6718\/revisions\/6976"}],"wp:featuredmedia":[{"embeddable":true,"href":"https:\/\/aventuriersdelamer.fr\/index.php\/wp-json\/wp\/v2\/media\/6719"}],"wp:attachment":[{"href":"https:\/\/aventuriersdelamer.fr\/index.php\/wp-json\/wp\/v2\/media?parent=6718"}],"curies":[{"name":"wp","href":"https:\/\/api.w.org\/{rel}","templated":true}]}}