{"id":1829,"date":"2019-09-16T14:25:03","date_gmt":"2019-09-16T13:25:03","guid":{"rendered":"http:\/\/aventuriersdelamer.fr\/?page_id=1829"},"modified":"2019-10-05T12:31:18","modified_gmt":"2019-10-05T11:31:18","slug":"visites-de-bateaux-2","status":"publish","type":"page","link":"https:\/\/aventuriersdelamer.fr\/index.php\/visites-de-bateaux-2\/","title":{"rendered":"Visites de bateaux"},"content":{"rendered":"<div id=\"pl-1829\"  class=\"panel-layout\" ><div id=\"pg-1829-0\"  class=\"panel-grid panel-no-style\" ><div id=\"pgc-1829-0-0\"  class=\"panel-grid-cell\" ><div id=\"panel-1829-0-0-0\" class=\"so-panel widget widget_sow-editor panel-first-child panel-last-child\" data-index=\"0\" ><div\n\t\t\t\n\t\t\tclass=\"so-widget-sow-editor so-widget-sow-editor-base\"\n\t\t\t\n\t\t>\n<div class=\"siteorigin-widget-tinymce textwidget\">\n\t<p><em>Montez \u00e0 bord pour sentir les ponts sous les pieds, touchez les bouts et les espars. Venez rencontrer les \u00e9quipages qui auront grand plaisir \u00e0 vous expliquer leur bateau, son histoire, ses aventures. Et pour la premi\u00e8re fois, montez \u00e0 bord du Sterenn An Heol et d\u00e9couvrez les portraits sonores des marins de Keroman !<br \/>\n<\/em><\/p>\n<p><strong><em>Sur le ponton de la Cit\u00e9 de la Voile Eric Tabarly<\/em><\/strong><br \/>\nSamedi &amp; Dimanche : 10h30-12h30 &gt; 14h-18h (sous r\u00e9serve de la m\u00e9t\u00e9o...)<\/p>\n<\/div>\n<\/div><\/div><\/div><\/div><div id=\"pg-1829-1\"  class=\"panel-grid panel-no-style\" ><div id=\"pgc-1829-1-0\"  class=\"panel-grid-cell\" ><div id=\"panel-1829-1-0-0\" class=\"so-panel widget widget_sow-editor panel-first-child panel-last-child\" data-index=\"1\" ><div\n\t\t\t\n\t\t\tclass=\"so-widget-sow-editor so-widget-sow-editor-base\"\n\t\t\t\n\t\t>\n<div class=\"siteorigin-widget-tinymce textwidget\">\n\t<p><strong><span class=\"style_3\">La Louise, go\u00e9lette con\u00e7ue pour le Grand Nord<br \/>\n<\/span><\/strong><\/p>\n<p>Con\u00e7ue et pilot\u00e9e par Thierry Dubois, <span class=\"style_3\">La Louise est une go\u00e9lette con\u00e7ue sp\u00e9cialement pour d\u00e9couvrir les terres arctiques,\u00a0 ces terres isol\u00e9es au climat rude, et approcher la nature et sa faune dans des conditions exceptionnelles. Site :<a href=\"http:\/\/www.lalouise.fr\"> www.lalouise.fr<\/a><br \/>\n<\/span><\/p>\n<\/div>\n<\/div><\/div><\/div><div id=\"pgc-1829-1-1\"  class=\"panel-grid-cell\" ><div id=\"panel-1829-1-1-0\" class=\"so-panel widget widget_sow-image panel-first-child panel-last-child\" data-index=\"2\" ><div\n\t\t\t\n\t\t\tclass=\"so-widget-sow-image so-widget-sow-image-default-8b5b6f678277-1829\"\n\t\t\t\n\t\t>\n<div class=\"sow-image-container\">\n\t\t<img \n\tsrc=\"https:\/\/aventuriersdelamer.fr\/wp-content\/uploads\/2019\/10\/11_25668-LA_LOUISE_GLACIER_EQI.jpg\" width=\"3543\" height=\"2510\" srcset=\"https:\/\/aventuriersdelamer.fr\/wp-content\/uploads\/2019\/10\/11_25668-LA_LOUISE_GLACIER_EQI.jpg 3543w, https:\/\/aventuriersdelamer.fr\/wp-content\/uploads\/2019\/10\/11_25668-LA_LOUISE_GLACIER_EQI-300x213.jpg 300w, https:\/\/aventuriersdelamer.fr\/wp-content\/uploads\/2019\/10\/11_25668-LA_LOUISE_GLACIER_EQI-768x544.jpg 768w, https:\/\/aventuriersdelamer.fr\/wp-content\/uploads\/2019\/10\/11_25668-LA_LOUISE_GLACIER_EQI-1024x725.jpg 1024w, https:\/\/aventuriersdelamer.fr\/wp-content\/uploads\/2019\/10\/11_25668-LA_LOUISE_GLACIER_EQI-600x425.jpg 600w, https:\/\/aventuriersdelamer.fr\/wp-content\/uploads\/2019\/10\/11_25668-LA_LOUISE_GLACIER_EQI-423x300.jpg 423w\" sizes=\"(max-width: 3543px) 100vw, 3543px\" title=\"Biche\" alt=\"\" \t\tclass=\"so-widget-image\"\/>\n\t<\/div>\n\n<\/div><\/div><\/div><\/div><div id=\"pg-1829-2\"  class=\"panel-grid panel-no-style\" ><div id=\"pgc-1829-2-0\"  class=\"panel-grid-cell\" ><div id=\"panel-1829-2-0-0\" class=\"so-panel widget widget_sow-editor panel-first-child panel-last-child\" data-index=\"3\" ><div\n\t\t\t\n\t\t\tclass=\"so-widget-sow-editor so-widget-sow-editor-base\"\n\t\t\t\n\t\t>\n<div class=\"siteorigin-widget-tinymce textwidget\">\n\t<p><strong>Le Biche, dundee de p\u00eache, dernier thonier de l'Ile de Groix<\/strong><\/p>\n<p>Biche est le dernier thonier dund\u00e9e \u00e0 voiles de l'Atlantique, un bateau de p\u00eache construit \u00e0 des centaines d'exemplaires jusqu'\u00e0 la veille de la derni\u00e8re guerre mondiale.<\/p>\n<\/div>\n<\/div><\/div><\/div><div id=\"pgc-1829-2-1\"  class=\"panel-grid-cell\" ><div id=\"panel-1829-2-1-0\" class=\"so-panel widget widget_sow-image panel-first-child panel-last-child\" data-index=\"4\" ><div\n\t\t\t\n\t\t\tclass=\"so-widget-sow-image so-widget-sow-image-default-8b5b6f678277-1829\"\n\t\t\t\n\t\t>\n<div class=\"sow-image-container\">\n\t\t<img \n\tsrc=\"https:\/\/aventuriersdelamer.fr\/wp-content\/uploads\/2015\/11\/Le-Biche-4-copie-1.jpg\" width=\"4281\" height=\"2854\" srcset=\"https:\/\/aventuriersdelamer.fr\/wp-content\/uploads\/2015\/11\/Le-Biche-4-copie-1.jpg 4281w, https:\/\/aventuriersdelamer.fr\/wp-content\/uploads\/2015\/11\/Le-Biche-4-copie-1-300x200.jpg 300w, https:\/\/aventuriersdelamer.fr\/wp-content\/uploads\/2015\/11\/Le-Biche-4-copie-1-768x512.jpg 768w, https:\/\/aventuriersdelamer.fr\/wp-content\/uploads\/2015\/11\/Le-Biche-4-copie-1-1024x683.jpg 1024w, https:\/\/aventuriersdelamer.fr\/wp-content\/uploads\/2015\/11\/Le-Biche-4-copie-1-600x400.jpg 600w, https:\/\/aventuriersdelamer.fr\/wp-content\/uploads\/2015\/11\/Le-Biche-4-copie-1-450x300.jpg 450w, https:\/\/aventuriersdelamer.fr\/wp-content\/uploads\/2015\/11\/Le-Biche-4-copie-1-272x182.jpg 272w\" sizes=\"(max-width: 4281px) 100vw, 4281px\" title=\"Biche\" alt=\"\" \t\tclass=\"so-widget-image\"\/>\n\t<\/div>\n\n<\/div><\/div><\/div><\/div><div id=\"pg-1829-3\"  class=\"panel-grid panel-no-style\" ><div id=\"pgc-1829-3-0\"  class=\"panel-grid-cell\" ><div id=\"panel-1829-3-0-0\" class=\"so-panel widget widget_sow-editor panel-first-child panel-last-child\" data-index=\"5\" ><div\n\t\t\t\n\t\t\tclass=\"so-widget-sow-editor so-widget-sow-editor-base\"\n\t\t\t\n\t\t><h3 class=\"widget-title\">Pen Duick III<\/h3>\n<div class=\"siteorigin-widget-tinymce textwidget\">\n\t<p><strong>L\u2019\u00e9trange go\u00e9lette noire<\/strong><\/p>\n<p>Avec la go\u00e9lette mise \u00e0 l\u2019eau en 1967, Tabarly terrorise les Anglais \u00e0 l\u2019occasion de leur championnat du Royal Ocean Racing Race. Pen Duick III, construit en aluminium et long de 17, 45 m, gagnera toutes les courses de la saison.<br \/>\nPlus d'infos : <a href=\"https:\/\/www.asso-eric-tabarly.org\">https:\/\/www.asso-eric-tabarly.org<\/a><\/p>\n<p>&nbsp;<\/p>\n<\/div>\n<\/div><\/div><\/div><div id=\"pgc-1829-3-1\"  class=\"panel-grid-cell\" ><div id=\"panel-1829-3-1-0\" class=\"so-panel widget widget_sow-image panel-first-child panel-last-child\" data-index=\"6\" ><div\n\t\t\t\n\t\t\tclass=\"so-widget-sow-image so-widget-sow-image-default-8b5b6f678277-1829\"\n\t\t\t\n\t\t>\n<div class=\"sow-image-container\">\n\t\t<img \n\tsrc=\"https:\/\/aventuriersdelamer.fr\/wp-content\/uploads\/2019\/09\/cite-voile-lorient-pen-duick-iii.jpg\" width=\"625\" height=\"500\" srcset=\"https:\/\/aventuriersdelamer.fr\/wp-content\/uploads\/2019\/09\/cite-voile-lorient-pen-duick-iii.jpg 625w, https:\/\/aventuriersdelamer.fr\/wp-content\/uploads\/2019\/09\/cite-voile-lorient-pen-duick-iii-300x240.jpg 300w, https:\/\/aventuriersdelamer.fr\/wp-content\/uploads\/2019\/09\/cite-voile-lorient-pen-duick-iii-600x480.jpg 600w, https:\/\/aventuriersdelamer.fr\/wp-content\/uploads\/2019\/09\/cite-voile-lorient-pen-duick-iii-375x300.jpg 375w\" sizes=\"(max-width: 625px) 100vw, 625px\" title=\"Pen Duick III\" alt=\"\" \t\tclass=\"so-widget-image\"\/>\n\t<\/div>\n\n<\/div><\/div><\/div><\/div><div id=\"pg-1829-4\"  class=\"panel-grid panel-no-style\" ><div id=\"pgc-1829-4-0\"  class=\"panel-grid-cell\" ><div id=\"panel-1829-4-0-0\" class=\"so-panel widget widget_sow-editor panel-first-child panel-last-child\" data-index=\"7\" ><div\n\t\t\t\n\t\t\tclass=\"so-widget-sow-editor so-widget-sow-editor-base\"\n\t\t\t\n\t\t><h3 class=\"widget-title\">Jolokia<\/h3>\n<div class=\"siteorigin-widget-tinymce textwidget\">\n\t<p><strong>Le Volvo Ocean Race de la Diversit\u00e9<br \/>\n<\/strong><\/p>\n<p>Le Volvo Ocean est le bateau extr\u00eame con\u00e7u pour la course autour du monde en \u00e9quipage, la Volvo Ocean Race. Formule 1 des mers, au confort tr\u00e8s spartiate, ce bateau exigeant et puissant est aussi un v\u00e9ritable laboratoire humain<\/p>\n<p>Team Jolokia, le bateau aux couleurs de l\u2019association , s\u2019aligne sur de grandes comp\u00e9titions avec un \u00e9quipage de la diversit\u00e9 et fait chaque ann\u00e9e la preuve que diff\u00e9rences et faire-ensemble vont de pair.<br \/>\nPlus d'infos :<a href=\"https:\/\/www.teamjolokia.com\/\"> https:\/\/www.teamjolokia.com\/<\/a><\/p>\n<p>&nbsp;<\/p>\n<\/div>\n<\/div><\/div><\/div><div id=\"pgc-1829-4-1\"  class=\"panel-grid-cell\" ><div id=\"panel-1829-4-1-0\" class=\"so-panel widget widget_sow-image panel-first-child panel-last-child\" data-index=\"8\" ><div\n\t\t\t\n\t\t\tclass=\"so-widget-sow-image so-widget-sow-image-default-8b5b6f678277-1829\"\n\t\t\t\n\t\t><\/div><\/div><\/div><\/div><div id=\"pg-1829-5\"  class=\"panel-grid panel-no-style\" ><div id=\"pgc-1829-5-0\"  class=\"panel-grid-cell\" ><div id=\"panel-1829-5-0-0\" class=\"so-panel widget widget_sow-editor panel-first-child panel-last-child\" data-index=\"9\" ><div\n\t\t\t\n\t\t\tclass=\"so-widget-sow-editor so-widget-sow-editor-base\"\n\t\t\t\n\t\t><h3 class=\"widget-title\">Challenge 67<\/h3>\n<div class=\"siteorigin-widget-tinymce textwidget\">\n\t<p><strong>Des voiliers pour le grand large<\/strong><br \/>\nLes Challenge 67 sont des voiliers de course croisi\u00e8re con\u00e7us pour le large qui ont acquis leur palmar\u00e8s dans les ann\u00e9es 90 avec le tour du monde en \u00e9quipage contre les vents dominants, l<em>e BT Global Challenge.<\/em><br \/>\nPour que l'aventure de ces monocoques de 21 m\u00e8tres et le r\u00eave de traverser \u00e0 leur bord l\u2019Atlantique devienne accessible, Challenge Ocean, \u00e9cole fran\u00e7aise de croisi\u00e8re vous accueille \u00e0 bord toute l'ann\u00e9e, en mode \u00e9quipage. Sans oublier des programmes de navigation en Bretagne, aux Scilly, Canaries, A\u00e7ores, Antilles\u2026<br \/>\nPlus d'infos :<a href=\"https:\/\/www.challengeocean.com\/\">https:\/\/www.challengeocean.com\/<\/a><\/p>\n<\/div>\n<\/div><\/div><\/div><div id=\"pgc-1829-5-1\"  class=\"panel-grid-cell\" ><div id=\"panel-1829-5-1-0\" class=\"so-panel widget widget_sow-image panel-first-child panel-last-child\" data-index=\"10\" ><div\n\t\t\t\n\t\t\tclass=\"so-widget-sow-image so-widget-sow-image-default-8b5b6f678277-1829\"\n\t\t\t\n\t\t>\n<div class=\"sow-image-container\">\n\t\t<img \n\tsrc=\"https:\/\/aventuriersdelamer.fr\/wp-content\/uploads\/2019\/09\/Challenge67-BD-3052\u00a9TimWright.jpg\" width=\"283\" height=\"425\" srcset=\"https:\/\/aventuriersdelamer.fr\/wp-content\/uploads\/2019\/09\/Challenge67-BD-3052\u00a9TimWright.jpg 283w, https:\/\/aventuriersdelamer.fr\/wp-content\/uploads\/2019\/09\/Challenge67-BD-3052\u00a9TimWright-200x300.jpg 200w\" sizes=\"(max-width: 283px) 100vw, 283px\" title=\"Challenge 67\" alt=\"\" \t\tclass=\"so-widget-image\"\/>\n\t<\/div>\n\n<\/div><\/div><\/div><\/div><div id=\"pg-1829-6\"  class=\"panel-grid panel-no-style\" ><div id=\"pgc-1829-6-0\"  class=\"panel-grid-cell\" ><div id=\"panel-1829-6-0-0\" class=\"so-panel widget widget_sow-headline panel-first-child panel-last-child\" data-index=\"11\" ><div\n\t\t\t\n\t\t\tclass=\"so-widget-sow-headline so-widget-sow-headline-default-ea0af4cf39ae-1829\"\n\t\t\t\n\t\t><div class=\"sow-headline-container \">\n\t\t\t\t\t\t\t<h1 class=\"sow-headline\">\n\t\t\t\t\t\tPortraits sonores \"Autour du port de p\u00eache de Keroman\" de Florentina Postaru\t\t\t\t\t\t<\/h1>\n\t\t\t\t\t\t\t\t\t\t\t<div class=\"decoration\">\n\t\t\t\t\t\t<div class=\"decoration-inside\"><\/div>\n\t\t\t\t\t<\/div>\n\t\t\t\t\t<\/div>\n<\/div><\/div><\/div><\/div><div id=\"pg-1829-7\"  class=\"panel-grid panel-no-style\" ><div id=\"pgc-1829-7-0\"  class=\"panel-grid-cell\" ><div id=\"panel-1829-7-0-0\" class=\"so-panel widget widget_sow-image panel-first-child panel-last-child\" data-index=\"12\" ><div\n\t\t\t\n\t\t\tclass=\"so-widget-sow-image so-widget-sow-image-default-8b5b6f678277-1829\"\n\t\t\t\n\t\t>\n<div class=\"sow-image-container\">\n\t\t<img \n\tsrc=\"https:\/\/aventuriersdelamer.fr\/wp-content\/uploads\/2019\/09\/Rade-Lorient-compagnie-maritime-Escal-Ouest-6.jpg\" width=\"900\" height=\"600\" srcset=\"https:\/\/aventuriersdelamer.fr\/wp-content\/uploads\/2019\/09\/Rade-Lorient-compagnie-maritime-Escal-Ouest-6.jpg 900w, https:\/\/aventuriersdelamer.fr\/wp-content\/uploads\/2019\/09\/Rade-Lorient-compagnie-maritime-Escal-Ouest-6-300x200.jpg 300w, https:\/\/aventuriersdelamer.fr\/wp-content\/uploads\/2019\/09\/Rade-Lorient-compagnie-maritime-Escal-Ouest-6-768x512.jpg 768w, https:\/\/aventuriersdelamer.fr\/wp-content\/uploads\/2019\/09\/Rade-Lorient-compagnie-maritime-Escal-Ouest-6-600x400.jpg 600w, https:\/\/aventuriersdelamer.fr\/wp-content\/uploads\/2019\/09\/Rade-Lorient-compagnie-maritime-Escal-Ouest-6-450x300.jpg 450w, https:\/\/aventuriersdelamer.fr\/wp-content\/uploads\/2019\/09\/Rade-Lorient-compagnie-maritime-Escal-Ouest-6-272x182.jpg 272w\" sizes=\"(max-width: 900px) 100vw, 900px\" title=\"Sterenn An Heol d&#039;Escal&#039;Ouest\" alt=\"\" \t\tclass=\"so-widget-image\"\/>\n\t<\/div>\n\n<\/div><\/div><\/div><\/div><div id=\"pg-1829-8\"  class=\"panel-grid panel-no-style\" ><div id=\"pgc-1829-8-0\"  class=\"panel-grid-cell\" ><div id=\"panel-1829-8-0-0\" class=\"so-panel widget widget_sow-editor panel-first-child panel-last-child\" data-index=\"13\" ><div\n\t\t\t\n\t\t\tclass=\"so-widget-sow-editor so-widget-sow-editor-base\"\n\t\t\t\n\t\t>\n<div class=\"siteorigin-widget-tinymce textwidget\">\n\t<div><span style=\"color: #003366;\"><em>\u00ab Il y a le port de p\u00eache, Keroman\u2026 \u00bb\u00a0 C\u2019est une des premi\u00e8res choses que j\u2019ai apprise en arrivant \u00e0 Lorient et curieuse, c\u2019est un des premiers endroits que je suis all\u00e9e d\u00e9couvrir. Autour des bateaux, de la glaci\u00e8re, des entrep\u00f4ts et des murs bariol\u00e9s j\u2019ai eu la chance de\u00a0 rencontrer des gens singuliers, passionn\u00e9s et g\u00e9n\u00e9reux.\u00a0 Ils d\u00e9pendent tous du port et le port d\u00e9pend d\u2019eux.<\/em><\/span><\/div>\n<div><span style=\"color: #003366;\"><em>J\u2019ai alors d\u00e9cid\u00e9 de leur donner la parole et de faire entendre leur voix dans une s\u00e9rie d\u2019interview simples, intimes et sans artifices.<\/em><\/span><\/div>\n<div><strong>A bord du bateau \u00e0 passager Sterenn An Heol de la Cie Escal'Ouest<\/strong><\/div>\n<div><strong>Ponton de la Cit\u00e9 de la Voile Eric Tabarly<\/strong><\/div>\n<div><strong>S\u00e9ances d'\u00e9coute en pr\u00e9sence des intervenants - 35 min<\/strong><\/div>\n<div><strong>Samedi et dimanche : 11h &amp; 16h<\/strong><\/div>\n<div class=\"gmail_quote\">\n<div>\n<div><\/div>\n<\/div>\n<\/div>\n<\/div>\n<\/div><\/div><\/div><\/div><\/div>","protected":false},"excerpt":{"rendered":"<p>Montez &agrave; bord pour sentir les ponts sous les pieds, touchez les bouts et les espars. Venez rencontrer les &eacute;quipages qui auront grand plaisir &agrave; vous expliquer leur bateau, son histoire, ses aventures. Et pour la premi&egrave;re fois, montez &agrave; &hellip; <a href=\"https:\/\/aventuriersdelamer.fr\/index.php\/visites-de-bateaux-2\/\">Continuer la lecture <span class=\"meta-nav\">&rarr;<\/span><\/a><\/p>\n","protected":false},"author":1,"featured_media":1112,"parent":0,"menu_order":0,"comment_status":"closed","ping_status":"closed","template":"","meta":{"footnotes":""},"class_list":["post-1829","page","type-page","status-publish","has-post-thumbnail","hentry"],"yoast_head":"<!-- This site is optimized with the Yoast SEO plugin v27.3 - https:\/\/yoast.com\/product\/yoast-seo-wordpress\/ -->\n<title>Visites de bateaux - Festival Les Aventuriers de la Mer<\/title>\n<meta name=\"robots\" content=\"index, follow, max-snippet:-1, max-image-preview:large, max-video-preview:-1\" \/>\n<link rel=\"canonical\" href=\"https:\/\/aventuriersdelamer.fr\/index.php\/visites-de-bateaux-2\/\" \/>\n<meta property=\"og:locale\" content=\"fr_FR\" \/>\n<meta property=\"og:type\" content=\"article\" \/>\n<meta property=\"og:title\" content=\"Visites de bateaux - Festival Les Aventuriers de la Mer\" \/>\n<meta property=\"og:description\" content=\"Montez &agrave; bord pour sentir les ponts sous les pieds, touchez les bouts et les espars. Venez rencontrer les &eacute;quipages qui auront grand plaisir &agrave; vous expliquer leur bateau, son histoire, ses aventures. Et pour la premi&egrave;re fois, montez &agrave; &hellip; Continuer la lecture &rarr;\" \/>\n<meta property=\"og:url\" content=\"https:\/\/aventuriersdelamer.fr\/index.php\/visites-de-bateaux-2\/\" \/>\n<meta property=\"og:site_name\" content=\"Festival Les Aventuriers de la Mer\" \/>\n<meta property=\"article:publisher\" content=\"https:\/\/www.facebook.com\/aventuriersdelamer\/\" \/>\n<meta property=\"article:modified_time\" content=\"2019-10-05T11:31:18+00:00\" \/>\n<meta property=\"og:image\" content=\"https:\/\/aventuriersdelamer.fr\/wp-content\/uploads\/2018\/08\/DSC_2917-2-e1534338459224.jpg\" \/>\n\t<meta property=\"og:image:width\" content=\"1200\" \/>\n\t<meta property=\"og:image:height\" content=\"813\" \/>\n\t<meta property=\"og:image:type\" content=\"image\/jpeg\" \/>\n<meta name=\"twitter:card\" content=\"summary_large_image\" \/>\n<meta name=\"twitter:label1\" content=\"Dur\u00e9e de lecture estim\u00e9e\" \/>\n\t<meta name=\"twitter:data1\" content=\"3 minutes\" \/>\n<script type=\"application\/ld+json\" class=\"yoast-schema-graph\">{\"@context\":\"https:\\\/\\\/schema.org\",\"@graph\":[{\"@type\":\"WebPage\",\"@id\":\"https:\\\/\\\/aventuriersdelamer.fr\\\/index.php\\\/visites-de-bateaux-2\\\/\",\"url\":\"https:\\\/\\\/aventuriersdelamer.fr\\\/index.php\\\/visites-de-bateaux-2\\\/\",\"name\":\"Visites de bateaux - Festival Les Aventuriers de la Mer\",\"isPartOf\":{\"@id\":\"https:\\\/\\\/aventuriersdelamer.fr\\\/#website\"},\"primaryImageOfPage\":{\"@id\":\"https:\\\/\\\/aventuriersdelamer.fr\\\/index.php\\\/visites-de-bateaux-2\\\/#primaryimage\"},\"image\":{\"@id\":\"https:\\\/\\\/aventuriersdelamer.fr\\\/index.php\\\/visites-de-bateaux-2\\\/#primaryimage\"},\"thumbnailUrl\":\"https:\\\/\\\/aventuriersdelamer.fr\\\/wp-content\\\/uploads\\\/2018\\\/08\\\/DSC_2917-2-e1534338459224.jpg\",\"datePublished\":\"2019-09-16T13:25:03+00:00\",\"dateModified\":\"2019-10-05T11:31:18+00:00\",\"breadcrumb\":{\"@id\":\"https:\\\/\\\/aventuriersdelamer.fr\\\/index.php\\\/visites-de-bateaux-2\\\/#breadcrumb\"},\"inLanguage\":\"fr-FR\",\"potentialAction\":[{\"@type\":\"ReadAction\",\"target\":[\"https:\\\/\\\/aventuriersdelamer.fr\\\/index.php\\\/visites-de-bateaux-2\\\/\"]}]},{\"@type\":\"ImageObject\",\"inLanguage\":\"fr-FR\",\"@id\":\"https:\\\/\\\/aventuriersdelamer.fr\\\/index.php\\\/visites-de-bateaux-2\\\/#primaryimage\",\"url\":\"https:\\\/\\\/aventuriersdelamer.fr\\\/wp-content\\\/uploads\\\/2018\\\/08\\\/DSC_2917-2-e1534338459224.jpg\",\"contentUrl\":\"https:\\\/\\\/aventuriersdelamer.fr\\\/wp-content\\\/uploads\\\/2018\\\/08\\\/DSC_2917-2-e1534338459224.jpg\",\"width\":1200,\"height\":813},{\"@type\":\"BreadcrumbList\",\"@id\":\"https:\\\/\\\/aventuriersdelamer.fr\\\/index.php\\\/visites-de-bateaux-2\\\/#breadcrumb\",\"itemListElement\":[{\"@type\":\"ListItem\",\"position\":1,\"name\":\"Accueil\",\"item\":\"https:\\\/\\\/aventuriersdelamer.fr\\\/\"},{\"@type\":\"ListItem\",\"position\":2,\"name\":\"Visites de bateaux\"}]},{\"@type\":\"WebSite\",\"@id\":\"https:\\\/\\\/aventuriersdelamer.fr\\\/#website\",\"url\":\"https:\\\/\\\/aventuriersdelamer.fr\\\/\",\"name\":\"Festival Les Aventuriers de la Mer\",\"description\":\"Explorer, innover et enchanter le monde\",\"publisher\":{\"@id\":\"https:\\\/\\\/aventuriersdelamer.fr\\\/#organization\"},\"potentialAction\":[{\"@type\":\"SearchAction\",\"target\":{\"@type\":\"EntryPoint\",\"urlTemplate\":\"https:\\\/\\\/aventuriersdelamer.fr\\\/?s={search_term_string}\"},\"query-input\":{\"@type\":\"PropertyValueSpecification\",\"valueRequired\":true,\"valueName\":\"search_term_string\"}}],\"inLanguage\":\"fr-FR\"},{\"@type\":\"Organization\",\"@id\":\"https:\\\/\\\/aventuriersdelamer.fr\\\/#organization\",\"name\":\"Le Bruit du Vent\",\"url\":\"https:\\\/\\\/aventuriersdelamer.fr\\\/\",\"logo\":{\"@type\":\"ImageObject\",\"inLanguage\":\"fr-FR\",\"@id\":\"https:\\\/\\\/aventuriersdelamer.fr\\\/#\\\/schema\\\/logo\\\/image\\\/\",\"url\":\"https:\\\/\\\/aventuriersdelamer.fr\\\/wp-content\\\/uploads\\\/2016\\\/01\\\/4ECA575F-1CCB-41C9-AAC8-93902736151E.jpeg\",\"contentUrl\":\"https:\\\/\\\/aventuriersdelamer.fr\\\/wp-content\\\/uploads\\\/2016\\\/01\\\/4ECA575F-1CCB-41C9-AAC8-93902736151E.jpeg\",\"width\":222,\"height\":198,\"caption\":\"Le Bruit du Vent\"},\"image\":{\"@id\":\"https:\\\/\\\/aventuriersdelamer.fr\\\/#\\\/schema\\\/logo\\\/image\\\/\"},\"sameAs\":[\"https:\\\/\\\/www.facebook.com\\\/aventuriersdelamer\\\/\"]}]}<\/script>\n<!-- \/ Yoast SEO plugin. -->","yoast_head_json":{"title":"Visites de bateaux - Festival Les Aventuriers de la Mer","robots":{"index":"index","follow":"follow","max-snippet":"max-snippet:-1","max-image-preview":"max-image-preview:large","max-video-preview":"max-video-preview:-1"},"canonical":"https:\/\/aventuriersdelamer.fr\/index.php\/visites-de-bateaux-2\/","og_locale":"fr_FR","og_type":"article","og_title":"Visites de bateaux - Festival Les Aventuriers de la Mer","og_description":"Montez &agrave; bord pour sentir les ponts sous les pieds, touchez les bouts et les espars. Venez rencontrer les &eacute;quipages qui auront grand plaisir &agrave; vous expliquer leur bateau, son histoire, ses aventures. Et pour la premi&egrave;re fois, montez &agrave; &hellip; Continuer la lecture &rarr;","og_url":"https:\/\/aventuriersdelamer.fr\/index.php\/visites-de-bateaux-2\/","og_site_name":"Festival Les Aventuriers de la Mer","article_publisher":"https:\/\/www.facebook.com\/aventuriersdelamer\/","article_modified_time":"2019-10-05T11:31:18+00:00","og_image":[{"width":1200,"height":813,"url":"https:\/\/aventuriersdelamer.fr\/wp-content\/uploads\/2018\/08\/DSC_2917-2-e1534338459224.jpg","type":"image\/jpeg"}],"twitter_card":"summary_large_image","twitter_misc":{"Dur\u00e9e de lecture estim\u00e9e":"3 minutes"},"schema":{"@context":"https:\/\/schema.org","@graph":[{"@type":"WebPage","@id":"https:\/\/aventuriersdelamer.fr\/index.php\/visites-de-bateaux-2\/","url":"https:\/\/aventuriersdelamer.fr\/index.php\/visites-de-bateaux-2\/","name":"Visites de bateaux - Festival Les Aventuriers de la Mer","isPartOf":{"@id":"https:\/\/aventuriersdelamer.fr\/#website"},"primaryImageOfPage":{"@id":"https:\/\/aventuriersdelamer.fr\/index.php\/visites-de-bateaux-2\/#primaryimage"},"image":{"@id":"https:\/\/aventuriersdelamer.fr\/index.php\/visites-de-bateaux-2\/#primaryimage"},"thumbnailUrl":"https:\/\/aventuriersdelamer.fr\/wp-content\/uploads\/2018\/08\/DSC_2917-2-e1534338459224.jpg","datePublished":"2019-09-16T13:25:03+00:00","dateModified":"2019-10-05T11:31:18+00:00","breadcrumb":{"@id":"https:\/\/aventuriersdelamer.fr\/index.php\/visites-de-bateaux-2\/#breadcrumb"},"inLanguage":"fr-FR","potentialAction":[{"@type":"ReadAction","target":["https:\/\/aventuriersdelamer.fr\/index.php\/visites-de-bateaux-2\/"]}]},{"@type":"ImageObject","inLanguage":"fr-FR","@id":"https:\/\/aventuriersdelamer.fr\/index.php\/visites-de-bateaux-2\/#primaryimage","url":"https:\/\/aventuriersdelamer.fr\/wp-content\/uploads\/2018\/08\/DSC_2917-2-e1534338459224.jpg","contentUrl":"https:\/\/aventuriersdelamer.fr\/wp-content\/uploads\/2018\/08\/DSC_2917-2-e1534338459224.jpg","width":1200,"height":813},{"@type":"BreadcrumbList","@id":"https:\/\/aventuriersdelamer.fr\/index.php\/visites-de-bateaux-2\/#breadcrumb","itemListElement":[{"@type":"ListItem","position":1,"name":"Accueil","item":"https:\/\/aventuriersdelamer.fr\/"},{"@type":"ListItem","position":2,"name":"Visites de bateaux"}]},{"@type":"WebSite","@id":"https:\/\/aventuriersdelamer.fr\/#website","url":"https:\/\/aventuriersdelamer.fr\/","name":"Festival Les Aventuriers de la Mer","description":"Explorer, innover et enchanter le monde","publisher":{"@id":"https:\/\/aventuriersdelamer.fr\/#organization"},"potentialAction":[{"@type":"SearchAction","target":{"@type":"EntryPoint","urlTemplate":"https:\/\/aventuriersdelamer.fr\/?s={search_term_string}"},"query-input":{"@type":"PropertyValueSpecification","valueRequired":true,"valueName":"search_term_string"}}],"inLanguage":"fr-FR"},{"@type":"Organization","@id":"https:\/\/aventuriersdelamer.fr\/#organization","name":"Le Bruit du Vent","url":"https:\/\/aventuriersdelamer.fr\/","logo":{"@type":"ImageObject","inLanguage":"fr-FR","@id":"https:\/\/aventuriersdelamer.fr\/#\/schema\/logo\/image\/","url":"https:\/\/aventuriersdelamer.fr\/wp-content\/uploads\/2016\/01\/4ECA575F-1CCB-41C9-AAC8-93902736151E.jpeg","contentUrl":"https:\/\/aventuriersdelamer.fr\/wp-content\/uploads\/2016\/01\/4ECA575F-1CCB-41C9-AAC8-93902736151E.jpeg","width":222,"height":198,"caption":"Le Bruit du Vent"},"image":{"@id":"https:\/\/aventuriersdelamer.fr\/#\/schema\/logo\/image\/"},"sameAs":["https:\/\/www.facebook.com\/aventuriersdelamer\/"]}]}},"_links":{"self":[{"href":"https:\/\/aventuriersdelamer.fr\/index.php\/wp-json\/wp\/v2\/pages\/1829","targetHints":{"allow":["GET"]}}],"collection":[{"href":"https:\/\/aventuriersdelamer.fr\/index.php\/wp-json\/wp\/v2\/pages"}],"about":[{"href":"https:\/\/aventuriersdelamer.fr\/index.php\/wp-json\/wp\/v2\/types\/page"}],"author":[{"embeddable":true,"href":"https:\/\/aventuriersdelamer.fr\/index.php\/wp-json\/wp\/v2\/users\/1"}],"replies":[{"embeddable":true,"href":"https:\/\/aventuriersdelamer.fr\/index.php\/wp-json\/wp\/v2\/comments?post=1829"}],"version-history":[{"count":37,"href":"https:\/\/aventuriersdelamer.fr\/index.php\/wp-json\/wp\/v2\/pages\/1829\/revisions"}],"predecessor-version":[{"id":2111,"href":"https:\/\/aventuriersdelamer.fr\/index.php\/wp-json\/wp\/v2\/pages\/1829\/revisions\/2111"}],"wp:featuredmedia":[{"embeddable":true,"href":"https:\/\/aventuriersdelamer.fr\/index.php\/wp-json\/wp\/v2\/media\/1112"}],"wp:attachment":[{"href":"https:\/\/aventuriersdelamer.fr\/index.php\/wp-json\/wp\/v2\/media?parent=1829"}],"curies":[{"name":"wp","href":"https:\/\/api.w.org\/{rel}","templated":true}]}}